Last updated on 2023-09-21 23:03:17 CEST.
Flavor | Version | Tinstall | Tcheck | Ttotal | Status | Flags |
---|---|---|---|---|---|---|
r-devel-linux-x86_64-debian-clang | 0.7.8 | 62.84 | 70.75 | 133.59 | NOTE | |
r-devel-linux-x86_64-debian-gcc | 0.7.8 | 45.80 | 52.61 | 98.41 | NOTE | |
r-devel-linux-x86_64-fedora-clang | 0.7.8 | 170.29 | NOTE | |||
r-devel-linux-x86_64-fedora-gcc | 0.7.8 | 176.82 | NOTE | |||
r-devel-windows-x86_64 | 0.7.8 | 40.00 | 122.00 | 162.00 | NOTE | |
r-patched-linux-x86_64 | 0.7.8 | 64.67 | 66.61 | 131.28 | NOTE | |
r-release-linux-x86_64 | 0.7.8 | 55.80 | 66.31 | 122.11 | NOTE | |
r-release-macos-arm64 | 0.7.8 | 46.00 | NOTE | |||
r-release-macos-x86_64 | 0.7.8 | 84.00 | NOTE | |||
r-release-windows-x86_64 | 0.7.8 | 43.00 | 119.00 | 162.00 | NOTE | |
r-oldrel-macos-arm64 | 0.7.8 | 45.00 | OK | |||
r-oldrel-macos-x86_64 | 0.7.8 | 63.00 | OK | |||
r-oldrel-windows-x86_64 | 0.7.8 | 63.00 | 97.00 | 160.00 | OK |
Version: 0.7.8
Check: C++ specification
Result: NOTE
Specified C++11: please drop specification unless essential
Flavors: r-devel-linux-x86_64-debian-clang, r-devel-linux-x86_64-debian-gcc, r-devel-linux-x86_64-fedora-clang, r-devel-linux-x86_64-fedora-gcc, r-devel-windows-x86_64, r-patched-linux-x86_64, r-release-linux-x86_64, r-release-macos-arm64, r-release-macos-x86_64, r-release-windows-x86_64