CRAN Package Check Results for Package dc3net

Last updated on 2019-08-17 22:46:24 CEST.

Flavor Version Tinstall Tcheck Ttotal Status Flags
r-devel-linux-x86_64-debian-clang 1.2.0 2.92 32.94 35.86 OK
r-devel-linux-x86_64-debian-gcc 1.2.0 2.23 26.45 28.68 OK
r-devel-linux-x86_64-fedora-clang 1.2.0 45.74 OK
r-devel-linux-x86_64-fedora-gcc 1.2.0 43.15 OK
r-devel-windows-ix86+x86_64 1.2.0 13.00 64.00 77.00 OK
r-patched-linux-x86_64 1.2.0 2.78 33.02 35.80 OK
r-patched-solaris-x86 1.2.0 72.20 OK
r-release-linux-x86_64 1.2.0 2.59 33.25 35.84 OK
r-release-windows-ix86+x86_64 1.2.0 11.00 61.00 72.00 OK
r-release-osx-x86_64 1.2.0 ERROR
r-oldrel-windows-ix86+x86_64 1.2.0 7.00 56.00 63.00 OK
r-oldrel-osx-x86_64 1.2.0 OK

Check Details

Version: 1.2.0
Check: package dependencies
Result: ERROR
    Package required but not available: ‘RedeR’
    
    See section ‘The DESCRIPTION file’ in the ‘Writing R Extensions’
    manual.
Flavor: r-release-osx-x86_64