Last updated on 2022-07-05 22:50:20 CEST.
Flavor | Version | Tinstall | Tcheck | Ttotal | Status | Flags |
---|---|---|---|---|---|---|
r-devel-linux-x86_64-debian-clang | 2.3-0 | 17.06 | 154.95 | 172.01 | OK | |
r-devel-linux-x86_64-debian-gcc | 2.3-0 | 11.60 | 113.82 | 125.42 | OK | |
r-devel-linux-x86_64-fedora-clang | 2.3-0 | 213.62 | OK | |||
r-devel-linux-x86_64-fedora-gcc | 2.3-0 | 205.31 | OK | |||
r-devel-windows-x86_64 | 2.3-0 | 31.00 | 179.00 | 210.00 | NOTE | |
r-patched-linux-x86_64 | 2.3-0 | 19.44 | 142.88 | 162.32 | OK | |
r-release-linux-x86_64 | 2.3-0 | 11.19 | 144.63 | 155.82 | OK | |
r-release-macos-arm64 | 2.3-0 | 70.00 | NOTE | |||
r-release-macos-x86_64 | 2.3-0 | 89.00 | NOTE | |||
r-release-windows-x86_64 | 2.3-0 | 27.00 | 175.00 | 202.00 | NOTE | |
r-oldrel-macos-arm64 | 2.3-0 | 52.00 | NOTE | |||
r-oldrel-macos-x86_64 | 2.3-0 | 113.00 | NOTE | |||
r-oldrel-windows-ix86+x86_64 | 2.3-0 | 38.00 | 167.00 | 205.00 | OK |
Version: 2.3-0
Check: package dependencies
Result: NOTE
Package suggested but not available for checking: 'BRugs'
Flavors: r-devel-windows-x86_64, r-release-macos-arm64, r-release-macos-x86_64, r-release-windows-x86_64, r-oldrel-macos-arm64, r-oldrel-macos-x86_64