CRAN Package Check Results for Package dcminfo

Last updated on 2020-02-24 22:50:21 CET.

Flavor Version Tinstall Tcheck Ttotal Status Flags
r-devel-linux-x86_64-debian-clang 0.1.7 2.72 28.14 30.86 OK
r-devel-linux-x86_64-debian-gcc 0.1.7 2.13 22.40 24.53 OK
r-devel-linux-x86_64-fedora-clang 0.1.7 37.40 NOTE
r-devel-linux-x86_64-fedora-gcc 0.1.7 38.04 NOTE
r-devel-windows-ix86+x86_64 0.1.7 5.00 39.00 44.00 OK
r-devel-windows-ix86+x86_64-gcc8 0.1.7 10.00 53.00 63.00 OK
r-patched-linux-x86_64 0.1.7 2.30 25.89 28.19 OK
r-patched-solaris-x86 0.1.7 54.50 NOTE
r-release-linux-x86_64 0.1.7 2.04 25.76 27.80 OK
r-release-windows-ix86+x86_64 0.1.7 4.00 37.00 41.00 OK
r-release-osx-x86_64 0.1.7 NOTE
r-oldrel-windows-ix86+x86_64 0.1.7 3.00 38.00 41.00 OK
r-oldrel-osx-x86_64 0.1.7 NOTE

Check Details

Version: 0.1.7
Check: dependencies in R code
Result: NOTE
    Namespace in Imports field not imported from: ‘CDM’
     All declared Imports should be used.
Flavors: r-devel-linux-x86_64-fedora-clang, r-devel-linux-x86_64-fedora-gcc, r-patched-solaris-x86, r-release-osx-x86_64, r-oldrel-osx-x86_64