CRAN Package Check Results for Package dcminfo

Last updated on 2019-09-18 22:52:34 CEST.

Flavor Version Tinstall Tcheck Ttotal Status Flags
r-devel-linux-x86_64-debian-clang 0.1.7 2.42 25.71 28.13 OK
r-devel-linux-x86_64-debian-gcc 0.1.7 1.94 21.34 23.28 OK
r-devel-linux-x86_64-fedora-clang 0.1.7 34.75 NOTE
r-devel-linux-x86_64-fedora-gcc 0.1.7 33.58 NOTE
r-devel-windows-ix86+x86_64 0.1.7 7.00 56.00 63.00 OK
r-patched-linux-x86_64 0.1.7 2.24 25.74 27.98 OK
r-patched-solaris-x86 0.1.7 53.70 NOTE
r-release-linux-x86_64 0.1.7 2.03 25.31 27.34 OK
r-release-windows-ix86+x86_64 0.1.7 5.00 38.00 43.00 OK
r-release-osx-x86_64 0.1.7 NOTE
r-oldrel-windows-ix86+x86_64 0.1.7 3.00 37.00 40.00 OK
r-oldrel-osx-x86_64 0.1.7 NOTE

Check Details

Version: 0.1.7
Check: dependencies in R code
Result: NOTE
    Namespace in Imports field not imported from: ‘CDM’
     All declared Imports should be used.
Flavors: r-devel-linux-x86_64-fedora-clang, r-devel-linux-x86_64-fedora-gcc, r-patched-solaris-x86, r-release-osx-x86_64, r-oldrel-osx-x86_64