CRAN Package Check Results for Package dcov

Last updated on 2024-06-24 22:57:11 CEST.

Flavor Version Tinstall Tcheck Ttotal Status Flags
r-devel-linux-x86_64-debian-clang 0.1.1 163.70 29.74 193.44 NOTE
r-devel-linux-x86_64-debian-gcc 0.1.1 102.76 22.59 125.35 NOTE
r-devel-linux-x86_64-fedora-clang 0.1.1 283.23 NOTE
r-devel-linux-x86_64-fedora-gcc 0.1.1 292.85 NOTE
r-devel-windows-x86_64 0.1.1 119.00 65.00 184.00 NOTE
r-patched-linux-x86_64 0.1.1 128.58 28.40 156.98 NOTE
r-release-linux-x86_64 0.1.1 117.65 28.35 146.00 NOTE
r-release-macos-arm64 0.1.1 52.00 NOTE
r-release-macos-x86_64 0.1.1 48.00 NOTE
r-release-windows-x86_64 0.1.1 117.00 66.00 183.00 NOTE
r-oldrel-macos-arm64 0.1.1 61.00 NOTE
r-oldrel-macos-x86_64 0.1.1 101.00 NOTE
r-oldrel-windows-x86_64 0.1.1 139.00 70.00 209.00 NOTE

Check Details

Version: 0.1.1
Check: LazyData
Result: NOTE 'LazyData' is specified without a 'data' directory Flavors: r-devel-linux-x86_64-debian-clang, r-devel-linux-x86_64-debian-gcc, r-devel-linux-x86_64-fedora-clang, r-devel-linux-x86_64-fedora-gcc, r-devel-windows-x86_64, r-patched-linux-x86_64, r-release-linux-x86_64, r-release-macos-arm64, r-release-macos-x86_64, r-release-windows-x86_64, r-oldrel-macos-arm64, r-oldrel-macos-x86_64, r-oldrel-windows-x86_64