Last updated on 2024-04-17 22:59:49 CEST.
Flavor | Version | Tinstall | Tcheck | Ttotal | Status | Flags |
---|---|---|---|---|---|---|
r-devel-linux-x86_64-debian-clang | 0.9.2 | 57.40 | 29.55 | 86.95 | NOTE | |
r-devel-linux-x86_64-debian-gcc | 0.9.2 | 45.98 | 22.52 | 68.50 | NOTE | |
r-devel-linux-x86_64-fedora-clang | 0.9.2 | 134.26 | NOTE | |||
r-devel-linux-x86_64-fedora-gcc | 0.9.2 | 129.30 | NOTE | |||
r-prerel-macos-arm64 | 0.9.2 | 30.00 | NOTE | |||
r-prerel-windows-x86_64 | 0.9.2 | 49.00 | 66.00 | 115.00 | NOTE | |
r-patched-linux-x86_64 | 0.9.2 | 55.23 | 27.79 | 83.02 | NOTE | |
r-release-linux-x86_64 | 0.9.2 | 56.09 | 27.96 | 84.05 | NOTE | |
r-release-macos-arm64 | 0.9.2 | 34.00 | NOTE | |||
r-release-macos-x86_64 | 0.9.2 | 52.00 | NOTE | |||
r-release-windows-x86_64 | 0.9.2 | 58.00 | 66.00 | 124.00 | NOTE | |
r-oldrel-macos-arm64 | 0.9.2 | 33.00 | OK | |||
r-oldrel-windows-x86_64 | 0.9.2 | 57.00 | 70.00 | 127.00 | OK |
Version: 0.9.2
Check: C++ specification
Result: NOTE
Specified C++11: please drop specification unless essential
Flavors: r-devel-linux-x86_64-debian-clang, r-devel-linux-x86_64-debian-gcc, r-devel-linux-x86_64-fedora-clang, r-devel-linux-x86_64-fedora-gcc, r-prerel-macos-arm64, r-prerel-windows-x86_64, r-patched-linux-x86_64, r-release-linux-x86_64, r-release-macos-arm64, r-release-macos-x86_64, r-release-windows-x86_64