CRAN Package Check Results for Package dcurver

Last updated on 2024-06-13 22:49:24 CEST.

Flavor Version Tinstall Tcheck Ttotal Status Flags
r-devel-linux-x86_64-debian-clang 0.9.2 63.78 30.18 93.96 NOTE
r-devel-linux-x86_64-debian-gcc 0.9.2 41.27 21.98 63.25 ERROR
r-devel-linux-x86_64-fedora-clang 0.9.2 133.87 NOTE
r-devel-linux-x86_64-fedora-gcc 0.9.2 130.91 NOTE
r-devel-windows-x86_64 0.9.2 47.00 66.00 113.00 NOTE
r-patched-linux-x86_64 0.9.2 51.45 29.13 80.58 NOTE
r-release-linux-x86_64 0.9.2 48.30 28.54 76.84 NOTE
r-release-macos-arm64 0.9.2 30.00 NOTE
r-release-macos-x86_64 0.9.2 34.00 NOTE
r-release-windows-x86_64 0.9.2 49.00 69.00 118.00 NOTE
r-oldrel-macos-arm64 0.9.2 34.00 NOTE
r-oldrel-macos-x86_64 0.9.2 52.00 NOTE
r-oldrel-windows-x86_64 0.9.2 59.00 73.00 132.00 NOTE

Check Details

Version: 0.9.2
Check: C++ specification
Result: NOTE Specified C++11: please drop specification unless essential Flavors: r-devel-linux-x86_64-debian-clang, r-devel-linux-x86_64-debian-gcc, r-devel-linux-x86_64-fedora-clang, r-devel-linux-x86_64-fedora-gcc, r-devel-windows-x86_64, r-patched-linux-x86_64, r-release-linux-x86_64, r-release-macos-arm64, r-release-macos-x86_64, r-release-windows-x86_64, r-oldrel-macos-arm64, r-oldrel-macos-x86_64, r-oldrel-windows-x86_64

Version: 0.9.2
Check: package dependencies
Result: NOTE Package suggested but not available for checking: ‘testthat’ Flavor: r-devel-linux-x86_64-debian-gcc

Version: 0.9.2
Check: tests
Result: ERROR Running ‘testthat.R’ [0s/1s] Running the tests in ‘tests/testthat.R’ failed. Complete output: > library(testthat) Error in library(testthat) : there is no package called 'testthat' Execution halted Flavor: r-devel-linux-x86_64-debian-gcc