CRAN Package Check Results for Package dcurver

Last updated on 2023-09-22 23:04:56 CEST.

Flavor Version Tinstall Tcheck Ttotal Status Flags
r-devel-linux-x86_64-debian-clang 0.9.2 59.74 29.71 89.45 NOTE
r-devel-linux-x86_64-debian-gcc 0.9.2 40.78 22.42 63.20 NOTE
r-devel-linux-x86_64-fedora-clang 0.9.2 130.19 NOTE
r-devel-linux-x86_64-fedora-gcc 0.9.2 132.19 NOTE
r-devel-windows-x86_64 0.9.2 47.00 66.00 113.00 NOTE
r-patched-linux-x86_64 0.9.2 56.38 28.35 84.73 NOTE
r-release-linux-x86_64 0.9.2 55.68 28.26 83.94 NOTE
r-release-macos-arm64 0.9.2 34.00 NOTE
r-release-macos-x86_64 0.9.2 52.00 NOTE
r-release-windows-x86_64 0.9.2 64.00 69.00 133.00 NOTE
r-oldrel-macos-arm64 0.9.2 33.00 OK
r-oldrel-macos-x86_64 0.9.2 49.00 OK
r-oldrel-windows-x86_64 0.9.2 59.00 67.00 126.00 OK

Check Details

Version: 0.9.2
Check: C++ specification
Result: NOTE
     Specified C++11: please drop specification unless essential
Flavors: r-devel-linux-x86_64-debian-clang, r-devel-linux-x86_64-debian-gcc, r-devel-linux-x86_64-fedora-clang, r-devel-linux-x86_64-fedora-gcc, r-devel-windows-x86_64, r-patched-linux-x86_64, r-release-linux-x86_64, r-release-macos-arm64, r-release-macos-x86_64, r-release-windows-x86_64