Last updated on 2024-04-18 22:52:37 CEST.
Flavor | Version | Tinstall | Tcheck | Ttotal | Status | Flags |
---|---|---|---|---|---|---|
r-devel-linux-x86_64-debian-clang | 1.3.15 | 210.76 | 141.26 | 352.02 | OK | |
r-devel-linux-x86_64-debian-gcc | 1.3.15 | 145.30 | 100.98 | 246.28 | OK | |
r-devel-linux-x86_64-fedora-clang | 1.3.15 | 485.85 | NOTE | |||
r-devel-linux-x86_64-fedora-gcc | 1.3.15 | 453.28 | OK | |||
r-prerel-macos-arm64 | 1.3.15 | 90.00 | OK | |||
r-prerel-windows-x86_64 | 1.3.15 | 158.00 | 155.00 | 313.00 | OK | |
r-patched-linux-x86_64 | 1.3.15 | 180.91 | 134.85 | 315.76 | OK | |
r-release-linux-x86_64 | 1.3.15 | 186.94 | 133.99 | 320.93 | OK | |
r-release-macos-arm64 | 1.3.15 | 103.00 | OK | |||
r-release-macos-x86_64 | 1.3.15 | 177.00 | OK | |||
r-release-windows-x86_64 | 1.3.15 | 174.00 | 196.00 | 370.00 | OK | |
r-oldrel-macos-arm64 | 1.3.15 | 100.00 | OK | |||
r-oldrel-windows-x86_64 | 1.3.15 | 183.00 | 174.00 | 357.00 | OK |
Version: 1.3.15
Check: Rd cross-references
Result: NOTE
Undeclared package ‘fda.usc’ in Rd xrefs
Flavor: r-devel-linux-x86_64-fedora-clang