Last updated on 2024-04-24 23:00:18 CEST.
Flavor | Version | Tinstall | Tcheck | Ttotal | Status | Flags |
---|---|---|---|---|---|---|
r-devel-linux-x86_64-debian-clang | 0.1.1 | 6.52 | 124.13 | 130.65 | OK | |
r-devel-linux-x86_64-debian-gcc | 0.1.1 | 4.31 | 90.14 | 94.45 | OK | |
r-devel-linux-x86_64-fedora-clang | 0.1.1 | 159.86 | NOTE | |||
r-devel-linux-x86_64-fedora-gcc | 0.1.1 | 164.11 | NOTE | |||
r-devel-windows-x86_64 | 0.1.1 | 9.00 | 109.00 | 118.00 | OK | |
r-patched-linux-x86_64 | 0.1.1 | 7.27 | 113.79 | 121.06 | OK | |
r-release-linux-x86_64 | 0.1.1 | 4.61 | 117.14 | 121.75 | OK | |
r-release-macos-arm64 | 0.1.1 | 57.00 | OK | |||
r-release-windows-x86_64 | 0.1.1 | 7.00 | 105.00 | 112.00 | OK | |
r-oldrel-macos-arm64 | 0.1.1 | 50.00 | OK | |||
r-oldrel-macos-x86_64 | 0.1.1 | 87.00 | OK | |||
r-oldrel-windows-x86_64 | 0.1.1 | 9.00 | 128.00 | 137.00 | OK |
Version: 0.1.1
Check: data for non-ASCII characters
Result: NOTE
Note: found 53 marked UTF-8 strings
Flavors: r-devel-linux-x86_64-fedora-clang, r-devel-linux-x86_64-fedora-gcc