CRAN Package Check Results for Package debugr

Last updated on 2024-02-25 23:02:04 CET.

Flavor Version Tinstall Tcheck Ttotal Status Flags
r-devel-linux-x86_64-debian-clang 0.0.1 1.61 24.35 25.96 NOTE
r-devel-linux-x86_64-debian-gcc 0.0.1 1.64 18.90 20.54 NOTE
r-devel-linux-x86_64-fedora-clang 0.0.1 33.58 NOTE
r-devel-linux-x86_64-fedora-gcc 0.0.1 43.65 NOTE
r-devel-windows-x86_64 0.0.1 2.00 41.00 43.00 NOTE
r-patched-linux-x86_64 0.0.1 2.08 23.85 25.93 NOTE
r-release-linux-x86_64 0.0.1 2.06 23.97 26.03 NOTE
r-release-macos-arm64 0.0.1 23.00 NOTE
r-release-macos-x86_64 0.0.1 31.00 NOTE
r-release-windows-x86_64 0.0.1 3.00 41.00 44.00 NOTE
r-oldrel-macos-arm64 0.0.1 17.00 NOTE
r-oldrel-windows-x86_64 0.0.1 4.00 44.00 48.00 NOTE

Check Details

Version: 0.0.1
Check: LazyData
Result: NOTE 'LazyData' is specified without a 'data' directory Flavors: r-devel-linux-x86_64-debian-clang, r-devel-linux-x86_64-debian-gcc, r-devel-linux-x86_64-fedora-clang, r-devel-linux-x86_64-fedora-gcc, r-devel-windows-x86_64, r-patched-linux-x86_64, r-release-linux-x86_64, r-release-macos-arm64, r-release-macos-x86_64, r-release-windows-x86_64, r-oldrel-macos-arm64, r-oldrel-windows-x86_64