Last updated on 2024-04-18 22:52:37 CEST.
Flavor | Version | Tinstall | Tcheck | Ttotal | Status | Flags |
---|---|---|---|---|---|---|
r-devel-linux-x86_64-debian-clang | 1.2 | 3.71 | 28.77 | 32.48 | OK | |
r-devel-linux-x86_64-debian-gcc | 1.2 | 2.20 | 22.10 | 24.30 | OK | |
r-devel-linux-x86_64-fedora-clang | 1.2 | 41.95 | NOTE | |||
r-devel-linux-x86_64-fedora-gcc | 1.2 | 57.28 | OK | |||
r-prerel-macos-arm64 | 1.2 | 24.00 | OK | |||
r-prerel-windows-x86_64 | 1.2 | 5.00 | 44.00 | 49.00 | OK | |
r-patched-linux-x86_64 | 1.2 | 2.87 | 27.48 | 30.35 | OK | |
r-release-linux-x86_64 | 1.2 | 3.36 | 26.85 | 30.21 | OK | |
r-release-macos-arm64 | 1.2 | 26.00 | OK | |||
r-release-macos-x86_64 | 1.2 | 37.00 | OK | |||
r-release-windows-x86_64 | 1.2 | 4.00 | 44.00 | 48.00 | OK | |
r-oldrel-macos-arm64 | 1.2 | 20.00 | OK | |||
r-oldrel-windows-x86_64 | 1.2 | 6.00 | 45.00 | 51.00 | OK |
Version: 1.2
Check: installed package size
Result: NOTE
installed size is 5.0Mb
sub-directories of 1Mb or more:
extdata 4.8Mb
Flavor: r-devel-linux-x86_64-fedora-clang