CRAN Package Check Results for Package decor

Last updated on 2021-11-28 22:51:12 CET.

Flavor Version Tinstall Tcheck Ttotal Status Flags
r-devel-linux-x86_64-debian-clang 1.0.0 NOTE
r-devel-linux-x86_64-debian-gcc 1.0.0 3.19 25.04 28.23 NOTE
r-devel-linux-x86_64-fedora-clang 1.0.0 57.25 NOTE
r-devel-linux-x86_64-fedora-gcc 1.0.0 43.66 NOTE
r-devel-windows-x86_64-new-UL 1.0.0 11.00 72.00 83.00 NOTE
r-devel-windows-x86_64-new-TK 1.0.0 NOTE
r-devel-windows-x86_64-old 1.0.0 10.00 56.00 66.00 NOTE
r-patched-linux-x86_64 1.0.0 4.54 30.41 34.95 NOTE
r-patched-solaris-x86 1.0.0 67.60 NOTE
r-release-linux-x86_64 1.0.0 4.10 30.24 34.34 NOTE
r-release-macos-arm64 1.0.0 NOTE
r-release-macos-x86_64 1.0.0 NOTE
r-release-windows-ix86+x86_64 1.0.0 13.00 51.00 64.00 NOTE
r-oldrel-macos-x86_64 1.0.0 OK
r-oldrel-windows-ix86+x86_64 1.0.0 12.00 73.00 85.00 OK

Check Details

Version: 1.0.0
Check: LazyData
Result: NOTE
     'LazyData' is specified without a 'data' directory
Flavors: r-devel-linux-x86_64-debian-clang, r-devel-linux-x86_64-debian-gcc, r-devel-linux-x86_64-fedora-clang, r-devel-linux-x86_64-fedora-gcc, r-devel-windows-x86_64-new-UL, r-devel-windows-x86_64-new-TK, r-devel-windows-x86_64-old, r-patched-linux-x86_64, r-patched-solaris-x86, r-release-linux-x86_64, r-release-macos-arm64, r-release-macos-x86_64, r-release-windows-ix86+x86_64