CRAN Package Check Results for Package deepMOU

Last updated on 2023-09-24 22:59:36 CEST.

Flavor Version Tinstall Tcheck Ttotal Status Flags
r-devel-linux-x86_64-debian-clang 0.1.1 7.95 65.97 73.92 OK
r-devel-linux-x86_64-debian-gcc 0.1.1 5.78 48.72 54.50 OK
r-devel-linux-x86_64-fedora-clang 0.1.1 88.87 NOTE
r-devel-linux-x86_64-fedora-gcc 0.1.1 93.39 NOTE
r-devel-windows-x86_64 0.1.1 10.00 72.00 82.00 OK
r-patched-linux-x86_64 0.1.1 5.31 63.07 68.38 OK
r-release-linux-x86_64 0.1.1 6.93 63.59 70.52 OK
r-release-macos-arm64 0.1.1 32.00 OK
r-release-macos-x86_64 0.1.1 47.00 OK
r-release-windows-x86_64 0.1.1 10.00 77.00 87.00 OK
r-oldrel-macos-arm64 0.1.1 31.00 NOTE
r-oldrel-macos-x86_64 0.1.1 53.00 NOTE
r-oldrel-windows-x86_64 0.1.1 11.00 80.00 91.00 OK

Check Details

Version: 0.1.1
Check: dependencies in R code
Result: NOTE
    Namespace in Imports field not imported from: ‘dplyr’
     All declared Imports should be used.
Flavors: r-devel-linux-x86_64-fedora-clang, r-devel-linux-x86_64-fedora-gcc, r-oldrel-macos-arm64, r-oldrel-macos-x86_64