CRAN Package Check Results for Package deepMOU

Last updated on 2021-10-15 22:54:12 CEST.

Flavor Version Tinstall Tcheck Ttotal Status Flags
r-devel-linux-x86_64-debian-clang 0.1.1 6.67 62.58 69.25 OK
r-devel-linux-x86_64-debian-gcc 0.1.1 4.62 46.68 51.30 OK
r-devel-linux-x86_64-fedora-clang 0.1.1 95.42 NOTE
r-devel-linux-x86_64-fedora-gcc 0.1.1 79.32 NOTE
r-devel-windows-x86_64 0.1.1 12.00 67.00 79.00 OK
r-devel-windows-x86_64-gcc10-UCRT 0.1.1 NOTE
r-patched-linux-x86_64 0.1.1 6.21 59.66 65.87 OK
r-patched-solaris-x86 0.1.1 127.00 NOTE
r-release-linux-x86_64 0.1.1 6.46 59.20 65.66 OK
r-release-macos-arm64 0.1.1 NOTE
r-release-macos-x86_64 0.1.1 NOTE
r-release-windows-ix86+x86_64 0.1.1 16.00 86.00 102.00 OK
r-oldrel-macos-x86_64 0.1.1 NOTE
r-oldrel-windows-ix86+x86_64 0.1.1 17.00 89.00 106.00 OK

Check Details

Version: 0.1.1
Check: dependencies in R code
Result: NOTE
    Namespace in Imports field not imported from: ‘dplyr’
     All declared Imports should be used.
Flavors: r-devel-linux-x86_64-fedora-clang, r-devel-linux-x86_64-fedora-gcc, r-devel-windows-x86_64-gcc10-UCRT, r-patched-solaris-x86, r-release-macos-arm64, r-release-macos-x86_64, r-oldrel-macos-x86_64