CRAN Package Check Results for Package deflateBR

Last updated on 2021-12-06 21:51:11 CET.

Flavor Version Tinstall Tcheck Ttotal Status Flags
r-devel-linux-x86_64-debian-clang 1.1.2 2.64 36.86 39.50 NOTE
r-devel-linux-x86_64-debian-gcc 1.1.2 2.33 29.23 31.56 NOTE
r-devel-linux-x86_64-fedora-clang 1.1.2 49.48 NOTE
r-devel-linux-x86_64-fedora-gcc 1.1.2 38.43 NOTE
r-devel-windows-x86_64-new-UL 1.1.2 8.00 64.00 72.00 NOTE
r-devel-windows-x86_64-new-TK 1.1.2 NOTE
r-devel-windows-x86_64-old 1.1.2 5.00 33.00 38.00 NOTE
r-patched-linux-x86_64 1.1.2 3.06 27.70 30.76 NOTE
r-release-linux-x86_64 1.1.2 3.08 36.13 39.21 NOTE
r-release-macos-arm64 1.1.2 NOTE
r-release-macos-x86_64 1.1.2 NOTE
r-release-windows-ix86+x86_64 1.1.2 7.00 48.00 55.00 NOTE
r-oldrel-macos-x86_64 1.1.2 OK
r-oldrel-windows-ix86+x86_64 1.1.2 7.00 45.00 52.00 OK

Check Details

Version: 1.1.2
Check: LazyData
Result: NOTE
     'LazyData' is specified without a 'data' directory
Flavors: r-devel-linux-x86_64-debian-clang, r-devel-linux-x86_64-debian-gcc, r-devel-linux-x86_64-fedora-clang, r-devel-linux-x86_64-fedora-gcc, r-devel-windows-x86_64-new-UL, r-devel-windows-x86_64-new-TK, r-devel-windows-x86_64-old, r-patched-linux-x86_64, r-release-linux-x86_64, r-release-macos-arm64, r-release-macos-x86_64, r-release-windows-ix86+x86_64