Last updated on 2024-04-23 22:55:19 CEST.
Flavor | Version | Tinstall | Tcheck | Ttotal | Status | Flags |
---|---|---|---|---|---|---|
r-devel-linux-x86_64-debian-clang | 0.3.0 | 3.58 | 436.31 | 439.89 | NOTE | |
r-devel-linux-x86_64-debian-gcc | 0.3.0 | 2.38 | 286.39 | 288.77 | NOTE | |
r-devel-linux-x86_64-fedora-clang | 0.3.0 | 492.41 | NOTE | |||
r-devel-linux-x86_64-fedora-gcc | 0.3.0 | 488.24 | NOTE | |||
r-prerel-macos-arm64 | 0.3.0 | 118.00 | NOTE | |||
r-prerel-windows-x86_64 | 0.3.0 | 6.00 | 333.00 | 339.00 | NOTE | |
r-patched-linux-x86_64 | 0.3.0 | 3.14 | 417.03 | 420.17 | NOTE | |
r-release-linux-x86_64 | 0.3.0 | 2.87 | 404.16 | 407.03 | NOTE | |
r-release-macos-arm64 | 0.3.0 | 128.00 | NOTE | |||
r-release-macos-x86_64 | 0.3.0 | 235.00 | NOTE | |||
r-release-windows-x86_64 | 0.3.0 | 6.00 | 383.00 | 389.00 | NOTE | |
r-oldrel-macos-arm64 | 0.3.0 | 115.00 | OK | |||
r-oldrel-windows-x86_64 | 0.3.0 | 7.00 | 379.00 | 386.00 | OK |
Version: 0.3.0
Check: package subdirectories
Result: NOTE
Problems with news in ‘NEWS.md’:
No news entries found.
Flavors: r-devel-linux-x86_64-debian-clang, r-devel-linux-x86_64-debian-gcc, r-devel-linux-x86_64-fedora-clang, r-devel-linux-x86_64-fedora-gcc, r-prerel-macos-arm64, r-prerel-windows-x86_64, r-patched-linux-x86_64, r-release-linux-x86_64, r-release-macos-arm64, r-release-macos-x86_64, r-release-windows-x86_64