Last updated on 2024-04-18 22:52:37 CEST.
Flavor | Version | Tinstall | Tcheck | Ttotal | Status | Flags |
---|---|---|---|---|---|---|
r-devel-linux-x86_64-debian-clang | 0.1.0 | 5.47 | 54.51 | 59.98 | OK | |
r-devel-linux-x86_64-debian-gcc | 0.1.0 | 4.19 | 41.41 | 45.60 | OK | |
r-devel-linux-x86_64-fedora-clang | 0.1.0 | 75.84 | NOTE | |||
r-devel-linux-x86_64-fedora-gcc | 0.1.0 | 83.23 | NOTE | |||
r-prerel-macos-arm64 | 0.1.0 | 30.00 | OK | |||
r-prerel-windows-x86_64 | 0.1.0 | 8.00 | 62.00 | 70.00 | OK | |
r-patched-linux-x86_64 | 0.1.0 | 5.39 | 52.13 | 57.52 | OK | |
r-release-linux-x86_64 | 0.1.0 | 3.76 | 50.08 | 53.84 | OK | |
r-release-macos-arm64 | 0.1.0 | 32.00 | OK | |||
r-release-macos-x86_64 | 0.1.0 | 48.00 | OK | |||
r-release-windows-x86_64 | 0.1.0 | 8.00 | 68.00 | 76.00 | OK | |
r-oldrel-macos-arm64 | 0.1.0 | 25.00 | NOTE | |||
r-oldrel-windows-x86_64 | 0.1.0 | 8.00 | 70.00 | 78.00 | OK |
Version: 0.1.0
Check: dependencies in R code
Result: NOTE
Namespace in Imports field not imported from: ‘knitr’
All declared Imports should be used.
Flavors: r-devel-linux-x86_64-fedora-clang, r-devel-linux-x86_64-fedora-gcc, r-oldrel-macos-arm64