CRAN Package Check Results for Package deming

Last updated on 2024-04-14 22:54:16 CEST.

Flavor Version Tinstall Tcheck Ttotal Status Flags
r-devel-linux-x86_64-debian-clang 1.4 3.12 37.83 40.95 NOTE
r-devel-linux-x86_64-debian-gcc 1.4 2.25 29.10 31.35 NOTE
r-devel-linux-x86_64-fedora-clang 1.4 52.38 NOTE
r-devel-linux-x86_64-fedora-gcc 1.4 62.10 NOTE
r-devel-windows-x86_64 1.4 3.00 60.00 63.00 NOTE
r-patched-linux-x86_64 1.4 3.12 36.11 39.23 NOTE
r-release-linux-x86_64 1.4 3.24 36.42 39.66 OK
r-release-macos-arm64 1.4 26.00 OK
r-release-macos-x86_64 1.4 37.00 OK
r-release-windows-x86_64 1.4 4.00 57.00 61.00 OK
r-oldrel-macos-arm64 1.4 22.00 OK
r-oldrel-windows-x86_64 1.4 5.00 60.00 65.00 OK

Check Details

Version: 1.4
Check: Rd files
Result: NOTE checkRd: (-1) deming.Rd:71: Lost braces 71 | on whether the code{cv} option is TRUE or FALSE, respectively. | ^ Flavors: r-devel-linux-x86_64-debian-clang, r-devel-linux-x86_64-debian-gcc, r-devel-linux-x86_64-fedora-clang, r-devel-linux-x86_64-fedora-gcc, r-devel-windows-x86_64, r-patched-linux-x86_64