Last updated on 2023-09-25 22:12:36 CEST.
Flavor | Version | Tinstall | Tcheck | Ttotal | Status | Flags |
---|---|---|---|---|---|---|
r-devel-linux-x86_64-debian-clang | 1.0.2 | 12.99 | 106.50 | 119.49 | OK | |
r-devel-linux-x86_64-debian-gcc | 1.0.2 | 10.21 | 80.01 | 90.22 | OK | |
r-devel-linux-x86_64-fedora-clang | 1.0.2 | 142.40 | OK | |||
r-devel-linux-x86_64-fedora-gcc | 1.0.2 | 142.28 | OK | |||
r-devel-windows-x86_64 | 1.0.2 | 11.00 | 97.00 | 108.00 | OK | |
r-patched-linux-x86_64 | 1.0.2 | 16.23 | 101.34 | 117.57 | OK | |
r-release-linux-x86_64 | 1.0.2 | 8.96 | 102.73 | 111.69 | OK | |
r-release-macos-arm64 | 1.0.2 | 46.00 | OK | |||
r-release-macos-x86_64 | 1.0.2 | 71.00 | NOTE | |||
r-release-windows-x86_64 | 1.0.2 | 17.00 | 111.00 | 128.00 | OK | |
r-oldrel-macos-arm64 | 1.0.2 | 42.00 | OK | |||
r-oldrel-macos-x86_64 | 1.0.2 | 72.00 | OK | |||
r-oldrel-windows-x86_64 | 1.0.2 | 17.00 | 109.00 | 126.00 | OK |
Version: 1.0.2
Check: package dependencies
Result: NOTE
Package suggested but not available for checking: ‘missMDA’
Flavor: r-release-macos-x86_64