CRAN Package Check Results for Package desc

Last updated on 2022-08-11 22:59:59 CEST.

Flavor Version Tinstall Tcheck Ttotal Status Flags
r-devel-linux-x86_64-debian-clang 1.4.1 7.15 39.54 46.69 NOTE
r-devel-linux-x86_64-debian-gcc 1.4.1 4.36 30.39 34.75 NOTE
r-devel-linux-x86_64-fedora-clang 1.4.1 64.31 OK
r-devel-linux-x86_64-fedora-gcc 1.4.1 64.49 OK
r-devel-windows-x86_64 1.4.1 39.00 63.00 102.00 OK
r-patched-linux-x86_64 1.4.1 6.76 37.11 43.87 OK
r-release-linux-x86_64 1.4.1 6.13 36.58 42.71 OK
r-release-macos-arm64 1.4.1 18.00 OK
r-release-macos-x86_64 1.4.1 28.00 OK
r-release-windows-x86_64 1.4.1 67.00 64.00 131.00 OK
r-oldrel-macos-arm64 1.4.1 23.00 OK
r-oldrel-macos-x86_64 1.4.1 30.00 OK
r-oldrel-windows-ix86+x86_64 1.4.1 13.00 53.00 66.00 OK

Check Details

Version: 1.4.1
Check: HTML version of manual
Result: NOTE
    Found the following HTML validation problems:
    description.html:37:104: Warning: inserting implicit <p>
    description.html:42:80: Warning: inserting implicit <p>
    description.html:45:57: Warning: inserting implicit <p>
    description.html:82:181: Warning: inserting implicit <p>
    description.html:94:140: Warning: inserting implicit <p>
    description.html:98:59: Warning: inserting implicit <p>
    description.html:102:128: Warning: inserting implicit <p>
    description.html:111:57: Warning: inserting implicit <p>
    description.html:159:98: Warning: inserting implicit <p>
    description.html:189:91: Warning: inserting implicit <p>
    description.html:192:38: Warning: inserting implicit <p>
    description.html:279:38: Warning: inserting implicit <p>
    description.html:317:38: Warning: inserting implicit <p>
    description.html:344:38: Warning: inserting implicit <p>
    description.html:372:111: Warning: inserting implicit <p>
    description.html:387:93: Warning: inserting implicit <p>
    description.html:395:92: Warning: inserting implicit <p>
    description.html:414:33: Warning: inserting implicit <p>
    description.html:455:33: Warning: inserting implicit <p>
    description.html:37:104: Warning: trimming empty <p>
    description.html:42:80: Warning: trimming empty <p>
    description.html:45:57: Warning: trimming empty <p>
    description.html:82:181: Warning: trimming empty <p>
    description.html:94:140: Warning: trimming empty <p>
    description.html:98:59: Warning: trimming empty <p>
    description.html:102:128: Warning: trimming empty <p>
    description.html:111:57: Warning: trimming empty <p>
    description.html:159:98: Warning: trimming empty <p>
    description.html:189:91: Warning: trimming empty <p>
    description.html:192:38: Warning: trimming empty <p>
    description.html:279:38: Warning: trimming empty <p>
    description.html:317:38: Warning: trimming empty <p>
    description.html:344:38: Warning: trimming empty <p>
    description.html:372:111: Warning: trimming empty <p>
    description.html:387:93: Warning: trimming empty <p>
    description.html:395:92: Warning: trimming empty <p>
    description.html:414:33: Warning: trimming empty <p>
    description.html:455:33: Warning: trimming empty <p>
Flavors: r-devel-linux-x86_64-debian-clang, r-devel-linux-x86_64-debian-gcc