CRAN Package Check Results for Package descr

Last updated on 2019-08-23 22:49:56 CEST.

Flavor Version Tinstall Tcheck Ttotal Status Flags
r-devel-linux-x86_64-debian-clang 1.1.4 4.34 26.36 30.70 NOTE
r-devel-linux-x86_64-debian-gcc 1.1.4 NOTE
r-devel-linux-x86_64-fedora-clang 1.1.4 38.18 NOTE
r-devel-linux-x86_64-fedora-gcc 1.1.4 36.53 NOTE
r-devel-windows-ix86+x86_64 1.1.4 10.00 44.00 54.00 OK
r-patched-linux-x86_64 1.1.4 4.44 26.14 30.58 OK
r-patched-solaris-x86 1.1.4 53.70 OK
r-release-linux-x86_64 1.1.4 3.59 25.92 29.51 OK
r-release-windows-ix86+x86_64 1.1.4 10.00 71.00 81.00 OK
r-release-osx-x86_64 1.1.4 OK
r-oldrel-windows-ix86+x86_64 1.1.4 13.00 61.00 74.00 OK
r-oldrel-osx-x86_64 1.1.4 OK

Check Details

Version: 1.1.4
Check: for non-standard things in the check directory
Result: NOTE
    Found the following files/directories:
     'x.R' 'x.sps' 'x.txt'
Flavors: r-devel-linux-x86_64-debian-clang, r-devel-linux-x86_64-debian-gcc, r-devel-linux-x86_64-fedora-clang, r-devel-linux-x86_64-fedora-gcc