Last updated on 2023-10-04 00:01:45 CEST.
Flavor | Version | Tinstall | Tcheck | Ttotal | Status | Flags |
---|---|---|---|---|---|---|
r-devel-linux-x86_64-debian-clang | 0.1.0 | 7.84 | 81.54 | 89.38 | NOTE | |
r-devel-linux-x86_64-debian-gcc | 0.1.0 | 5.89 | 59.55 | 65.44 | NOTE | |
r-devel-linux-x86_64-fedora-clang | 0.1.0 | 104.54 | NOTE | |||
r-devel-linux-x86_64-fedora-gcc | 0.1.0 | 101.88 | NOTE | |||
r-devel-windows-x86_64 | 0.1.0 | 8.00 | 79.00 | 87.00 | NOTE | |
r-patched-linux-x86_64 | 0.1.0 | 5.34 | 76.17 | 81.51 | NOTE | |
r-release-linux-x86_64 | 0.1.0 | 4.51 | 77.41 | 81.92 | NOTE | |
r-release-macos-arm64 | 0.1.0 | 36.00 | NOTE | |||
r-release-macos-x86_64 | 0.1.0 | 50.00 | NOTE | |||
r-release-windows-x86_64 | 0.1.0 | 10.00 | 88.00 | 98.00 | NOTE | |
r-oldrel-macos-arm64 | 0.1.0 | 32.00 | NOTE | |||
r-oldrel-macos-x86_64 | 0.1.0 | 51.00 | NOTE | |||
r-oldrel-windows-x86_64 | 0.1.0 | 11.00 | 92.00 | 103.00 | NOTE |
Version: 0.1.0
Check: LazyData
Result: NOTE
'LazyData' is specified without a 'data' directory
Flavors: r-devel-linux-x86_64-debian-clang, r-devel-linux-x86_64-debian-gcc, r-devel-linux-x86_64-fedora-clang, r-devel-linux-x86_64-fedora-gcc, r-devel-windows-x86_64, r-patched-linux-x86_64, r-release-linux-x86_64, r-release-macos-arm64, r-release-macos-x86_64, r-release-windows-x86_64, r-oldrel-macos-arm64, r-oldrel-macos-x86_64, r-oldrel-windows-x86_64