CRAN Package Check Results for Package describer

Last updated on 2023-09-25 22:12:36 CEST.

Flavor Version Tinstall Tcheck Ttotal Status Flags
r-devel-linux-x86_64-debian-clang 0.2.0 1.62 22.25 23.87 NOTE
r-devel-linux-x86_64-debian-gcc 0.2.0 1.63 17.54 19.17 NOTE
r-devel-linux-x86_64-fedora-clang 0.2.0 30.06 NOTE
r-devel-linux-x86_64-fedora-gcc 0.2.0 29.64 NOTE
r-devel-windows-x86_64 0.2.0 2.00 40.00 42.00 NOTE
r-patched-linux-x86_64 0.2.0 1.66 22.02 23.68 NOTE
r-release-linux-x86_64 0.2.0 1.97 21.94 23.91 NOTE
r-release-macos-arm64 0.2.0 16.00 NOTE
r-release-macos-x86_64 0.2.0 19.00 NOTE
r-release-windows-x86_64 0.2.0 4.00 38.00 42.00 NOTE
r-oldrel-macos-arm64 0.2.0 16.00 NOTE
r-oldrel-macos-x86_64 0.2.0 20.00 NOTE
r-oldrel-windows-x86_64 0.2.0 4.00 41.00 45.00 NOTE

Check Details

Version: 0.2.0
Check: LazyData
Result: NOTE
     'LazyData' is specified without a 'data' directory
Flavors: r-devel-linux-x86_64-debian-clang, r-devel-linux-x86_64-debian-gcc, r-devel-linux-x86_64-fedora-clang, r-devel-linux-x86_64-fedora-gcc, r-devel-windows-x86_64, r-patched-linux-x86_64, r-release-linux-x86_64, r-release-macos-arm64, r-release-macos-x86_64, r-release-windows-x86_64, r-oldrel-macos-arm64, r-oldrel-macos-x86_64, r-oldrel-windows-x86_64