CRAN Package Check Results for Package desctable

Last updated on 2024-02-23 23:10:04 CET.

Flavor Version Tinstall Tcheck Ttotal Status Flags
r-devel-linux-x86_64-debian-clang 0.3.0 OK
r-devel-linux-x86_64-debian-gcc 0.3.0 5.89 55.26 61.15 OK
r-devel-linux-x86_64-fedora-clang 0.3.0 94.89 NOTE
r-devel-linux-x86_64-fedora-gcc 0.3.0 104.72 OK
r-devel-windows-x86_64 0.3.0 7.00 84.00 91.00 OK
r-patched-linux-x86_64 0.3.0 14.63 69.69 84.32 OK
r-release-linux-x86_64 0.3.0 5.60 70.25 75.85 OK
r-release-macos-arm64 0.3.0 39.00 OK
r-release-macos-x86_64 0.3.0 62.00 OK
r-release-windows-x86_64 0.3.0 10.00 90.00 100.00 OK
r-oldrel-macos-arm64 0.3.0 35.00 OK
r-oldrel-windows-x86_64 0.3.0 10.00 88.00 98.00 OK

Check Details

Version: 0.3.0
Check: Rd cross-references
Result: NOTE Undeclared package ‘htmlwidgets’ in Rd xrefs Flavor: r-devel-linux-x86_64-fedora-clang