Last updated on 2024-04-18 22:52:37 CEST.
Flavor | Version | Tinstall | Tcheck | Ttotal | Status | Flags |
---|---|---|---|---|---|---|
r-devel-linux-x86_64-debian-clang | 0.5.4 | 9.65 | 58.15 | 67.80 | NOTE | |
r-devel-linux-x86_64-debian-gcc | 0.5.4 | 6.92 | 42.06 | 48.98 | NOTE | |
r-devel-linux-x86_64-fedora-clang | 0.5.4 | 79.76 | NOTE | |||
r-devel-linux-x86_64-fedora-gcc | 0.5.4 | 75.00 | NOTE | |||
r-prerel-macos-arm64 | 0.5.4 | 25.00 | NOTE | |||
r-prerel-windows-x86_64 | 0.5.4 | 7.00 | 62.00 | 69.00 | NOTE | |
r-patched-linux-x86_64 | 0.5.4 | 9.45 | 55.06 | 64.51 | NOTE | |
r-release-linux-x86_64 | 0.5.4 | 8.30 | 53.47 | 61.77 | NOTE | |
r-release-macos-arm64 | 0.5.4 | 29.00 | NOTE | |||
r-release-macos-x86_64 | 0.5.4 | 55.00 | NOTE | |||
r-release-windows-x86_64 | 0.5.4 | 6.00 | 70.00 | 76.00 | NOTE | |
r-oldrel-macos-arm64 | 0.5.4 | 27.00 | NOTE | |||
r-oldrel-windows-x86_64 | 0.5.4 | 9.00 | 84.00 | 93.00 | NOTE |
Version: 0.5.4
Check: package dependencies
Result: NOTE
Package which this enhances but not available for checking: ‘gurobi’
Flavors: r-devel-linux-x86_64-debian-clang, r-devel-linux-x86_64-debian-gcc, r-patched-linux-x86_64, r-release-linux-x86_64
Version: 0.5.4
Check: package dependencies
Result: NOTE
Packages which this enhances but not available for checking:
'gurobi', 'Rcplex'
Flavors: r-devel-linux-x86_64-fedora-clang, r-devel-linux-x86_64-fedora-gcc, r-prerel-macos-arm64, r-prerel-windows-x86_64, r-release-macos-arm64, r-release-macos-x86_64, r-release-windows-x86_64, r-oldrel-macos-arm64, r-oldrel-windows-x86_64