Last updated on 2024-04-17 22:59:49 CEST.
Flavor | Version | Tinstall | Tcheck | Ttotal | Status | Flags |
---|---|---|---|---|---|---|
r-devel-linux-x86_64-debian-clang | 0.3.0 | 69.02 | 36.30 | 105.32 | OK | |
r-devel-linux-x86_64-debian-gcc | 0.3.0 | 49.55 | 28.01 | 77.56 | OK | |
r-devel-linux-x86_64-fedora-clang | 0.3.0 | 126.10 | OK | |||
r-devel-linux-x86_64-fedora-gcc | 0.3.0 | 137.07 | OK | |||
r-prerel-macos-arm64 | 0.3.0 | 36.00 | NOTE | |||
r-prerel-windows-x86_64 | 0.3.0 | 45.00 | 69.00 | 114.00 | OK | |
r-patched-linux-x86_64 | 0.3.0 | 54.03 | 34.38 | 88.41 | OK | |
r-release-linux-x86_64 | 0.3.0 | 59.84 | 35.82 | 95.66 | OK | |
r-release-macos-arm64 | 0.3.0 | 35.00 | NOTE | |||
r-release-macos-x86_64 | 0.3.0 | 76.00 | NOTE | |||
r-release-windows-x86_64 | 0.3.0 | 54.00 | 80.00 | 134.00 | OK | |
r-oldrel-macos-arm64 | 0.3.0 | 36.00 | NOTE | |||
r-oldrel-windows-x86_64 | 0.3.0 | 53.00 | 79.00 | 132.00 | OK |
Version: 0.3.0
Check: installed package size
Result: NOTE
installed size is 5.8Mb
sub-directories of 1Mb or more:
libs 5.7Mb
Flavors: r-prerel-macos-arm64, r-release-macos-arm64, r-release-macos-x86_64, r-oldrel-macos-arm64