CRAN Package Check Results for Package desla

Last updated on 2023-09-21 23:03:17 CEST.

Flavor Version Tinstall Tcheck Ttotal Status Flags
r-devel-linux-x86_64-debian-clang 0.3.0 55.80 36.25 92.05 OK
r-devel-linux-x86_64-debian-gcc 0.3.0 45.23 27.47 72.70 OK
r-devel-linux-x86_64-fedora-clang 0.3.0 130.90 OK
r-devel-linux-x86_64-fedora-gcc 0.3.0 139.30 OK
r-devel-windows-x86_64 0.3.0 45.00 73.00 118.00 OK
r-patched-linux-x86_64 0.3.0 57.18 35.34 92.52 OK
r-release-linux-x86_64 0.3.0 53.84 35.48 89.32 OK
r-release-macos-arm64 0.3.0 35.00 NOTE
r-release-macos-x86_64 0.3.0 76.00 NOTE
r-release-windows-x86_64 0.3.0 57.00 77.00 134.00 OK
r-oldrel-macos-arm64 0.3.0 36.00 NOTE
r-oldrel-macos-x86_64 0.3.0 51.00 NOTE
r-oldrel-windows-x86_64 0.3.0 53.00 77.00 130.00 OK

Check Details

Version: 0.3.0
Check: installed package size
Result: NOTE
     installed size is 5.9Mb
     sub-directories of 1Mb or more:
     libs 5.7Mb
Flavors: r-release-macos-arm64, r-release-macos-x86_64, r-oldrel-macos-arm64, r-oldrel-macos-x86_64