CRAN Package Check Results for Package detrendr

Last updated on 2019-09-15 22:49:18 CEST.

Flavor Version Tinstall Tcheck Ttotal Status Flags
r-devel-linux-x86_64-debian-clang 0.6.4 110.52 279.06 389.58 NOTE
r-devel-linux-x86_64-debian-gcc 0.6.4 82.90 201.41 284.31 NOTE
r-devel-linux-x86_64-fedora-clang 0.6.4 451.57 NOTE
r-devel-linux-x86_64-fedora-gcc 0.6.4 420.05 NOTE
r-devel-windows-ix86+x86_64 0.6.4 358.00 556.00 914.00 NOTE
r-patched-linux-x86_64 0.6.4 96.28 252.84 349.12 NOTE
r-patched-solaris-x86 0.6.4 821.80 NOTE
r-release-linux-x86_64 0.6.4 89.85 250.08 339.93 NOTE
r-release-windows-ix86+x86_64 0.6.4 214.00 527.00 741.00 NOTE
r-release-osx-x86_64 0.6.4 NOTE
r-oldrel-windows-ix86+x86_64 0.6.4 338.00 300.00 638.00 NOTE
r-oldrel-osx-x86_64 0.6.4 NOTE

Check Details

Version: 0.6.4
Check: for GNU extensions in Makefiles
Result: NOTE
    GNU make is a SystemRequirements.
Flavors: r-devel-linux-x86_64-debian-clang, r-devel-linux-x86_64-debian-gcc, r-devel-linux-x86_64-fedora-clang, r-devel-linux-x86_64-fedora-gcc, r-devel-windows-ix86+x86_64, r-patched-linux-x86_64, r-patched-solaris-x86, r-release-linux-x86_64, r-release-windows-ix86+x86_64, r-release-osx-x86_64, r-oldrel-windows-ix86+x86_64, r-oldrel-osx-x86_64

Version: 0.6.4
Check: installed package size
Result: NOTE
     installed size is 5.1Mb
     sub-directories of 1Mb or more:
     libs 3.9Mb
Flavor: r-devel-linux-x86_64-fedora-clang