Last updated on 2024-03-28 23:01:42 CET.
Flavor | Version | Tinstall | Tcheck | Ttotal | Status | Flags |
---|---|---|---|---|---|---|
r-devel-linux-x86_64-debian-clang | 0.3.1 | 4.10 | 36.24 | 40.34 | NOTE | |
r-devel-linux-x86_64-debian-gcc | 0.3.1 | 2.68 | 27.62 | 30.30 | NOTE | |
r-devel-linux-x86_64-fedora-clang | 0.3.1 | 51.11 | NOTE | |||
r-devel-linux-x86_64-fedora-gcc | 0.3.1 | 62.37 | NOTE | |||
r-devel-windows-x86_64 | 0.3.1 | 5.00 | 54.00 | 59.00 | NOTE | |
r-patched-linux-x86_64 | 0.3.1 | 5.40 | 35.50 | 40.90 | NOTE | |
r-release-linux-x86_64 | 0.3.1 | 3.21 | 33.51 | 36.72 | NOTE | |
r-release-macos-arm64 | 0.3.1 | 27.00 | NOTE | |||
r-release-macos-x86_64 | 0.3.1 | 38.00 | NOTE | |||
r-release-windows-x86_64 | 0.3.1 | 7.00 | 56.00 | 63.00 | NOTE | |
r-oldrel-macos-arm64 | 0.3.1 | 21.00 | NOTE | |||
r-oldrel-windows-x86_64 | 0.3.1 | 6.00 | 54.00 | 60.00 | NOTE |
Version: 0.3.1
Check: LazyData
Result: NOTE
'LazyData' is specified without a 'data' directory
Flavors: r-devel-linux-x86_64-debian-clang, r-devel-linux-x86_64-debian-gcc, r-devel-linux-x86_64-fedora-clang, r-devel-linux-x86_64-fedora-gcc, r-devel-windows-x86_64, r-patched-linux-x86_64, r-release-linux-x86_64, r-release-macos-arm64, r-release-macos-x86_64, r-release-windows-x86_64, r-oldrel-macos-arm64, r-oldrel-windows-x86_64
Version: 0.3.1
Check: dependencies in R code
Result: NOTE
Namespaces in Imports field not imported from:
‘DT’ ‘utils’
All declared Imports should be used.
Flavors: r-devel-linux-x86_64-fedora-clang, r-devel-linux-x86_64-fedora-gcc, r-oldrel-macos-arm64