CRAN Package Check Results for Package dexter

Last updated on 2021-07-23 22:53:05 CEST.

Flavor Version Tinstall Tcheck Ttotal Status Flags
r-devel-linux-x86_64-debian-clang 1.1.3 117.00 205.80 322.80 OK
r-devel-linux-x86_64-debian-gcc 1.1.3 78.99 143.73 222.72 OK
r-devel-linux-x86_64-fedora-clang 1.1.3 395.50 NOTE
r-devel-linux-x86_64-fedora-gcc 1.1.3 366.05 OK
r-devel-windows-x86_64 1.1.3 103.00 170.00 273.00 OK
r-devel-windows-x86_64-gcc10-UCRT 1.1.3 OK
r-patched-linux-x86_64 1.1.3 90.65 177.80 268.45 OK
r-patched-solaris-x86 1.1.3 874.80 OK
r-release-linux-x86_64 1.1.3 80.92 180.23 261.15 OK
r-release-macos-arm64 1.1.3 NOTE
r-release-macos-x86_64 1.1.3 NOTE
r-release-windows-ix86+x86_64 1.1.3 242.00 276.00 518.00 NOTE
r-oldrel-macos-x86_64 1.1.3 NOTE
r-oldrel-windows-ix86+x86_64 1.1.3 257.00 277.00 534.00 NOTE

Check Details

Version: 1.1.3
Check: installed package size
Result: NOTE
     installed size is 8.1Mb
     sub-directories of 1Mb or more:
     doc 1.1Mb
     libs 6.2Mb
Flavors: r-devel-linux-x86_64-fedora-clang, r-release-macos-arm64, r-release-macos-x86_64, r-release-windows-ix86+x86_64, r-oldrel-macos-x86_64, r-oldrel-windows-ix86+x86_64