CRAN Package Check Results for Package dextergui

Last updated on 2021-10-17 22:48:31 CEST.

Flavor Version Tinstall Tcheck Ttotal Status Flags
r-devel-linux-x86_64-debian-clang 0.2.3 16.72 97.28 114.00 OK
r-devel-linux-x86_64-debian-gcc 0.2.3 11.40 72.42 83.82 OK
r-devel-linux-x86_64-fedora-clang 0.2.3 143.77 NOTE
r-devel-linux-x86_64-fedora-gcc 0.2.3 130.93 OK
r-devel-windows-x86_64 0.2.3 26.00 121.00 147.00 OK
r-devel-windows-x86_64-gcc10-UCRT 0.2.3 OK
r-patched-linux-x86_64 0.2.3 15.25 91.16 106.41 OK
r-patched-solaris-x86 0.2.3 190.60 OK
r-release-linux-x86_64 0.2.3 13.49 89.95 103.44 OK
r-release-macos-arm64 0.2.3 OK
r-release-macos-x86_64 0.2.3 OK
r-release-windows-ix86+x86_64 0.2.3 34.00 117.00 151.00 OK
r-oldrel-macos-x86_64 0.2.3 OK
r-oldrel-windows-ix86+x86_64 0.2.3 34.00 121.00 155.00 OK

Check Details

Version: 0.2.3
Check: package dependencies
Result: NOTE
    Imports includes 22 non-default packages.
    Importing from so many packages makes the package vulnerable to any of
    them becoming unavailable. Move as many as possible to Suggests and
    use conditionally.
Flavor: r-devel-linux-x86_64-fedora-clang