CRAN Package Check Results for Package dfmta

Last updated on 2023-09-28 23:08:43 CEST.

Flavor Version Tinstall Tcheck Ttotal Status Flags
r-devel-linux-x86_64-debian-clang 1.7-3 27.77 26.63 54.40 NOTE
r-devel-linux-x86_64-debian-gcc 1.7-3 21.48 20.73 42.21 NOTE
r-devel-linux-x86_64-fedora-clang 1.7-3 75.44 NOTE
r-devel-linux-x86_64-fedora-gcc 1.7-3 77.06 NOTE
r-devel-windows-x86_64 1.7-3 30.00 65.00 95.00 NOTE
r-patched-linux-x86_64 1.7-3 26.26 26.47 52.73 NOTE
r-release-linux-x86_64 1.7-3 26.89 26.65 53.54 NOTE
r-release-macos-arm64 1.7-3 35.00 NOTE
r-release-macos-x86_64 1.7-3 45.00 NOTE
r-release-windows-x86_64 1.7-3 37.00 65.00 102.00 NOTE
r-oldrel-macos-arm64 1.7-3 28.00 OK
r-oldrel-macos-x86_64 1.7-3 35.00 OK
r-oldrel-windows-x86_64 1.7-3 26.00 65.00 91.00 OK

Check Details

Version: 1.7-3
Check: C++ specification
Result: NOTE
     Specified C++11: please drop specification unless essential
Flavors: r-devel-linux-x86_64-debian-clang, r-devel-linux-x86_64-debian-gcc, r-devel-linux-x86_64-fedora-clang, r-devel-linux-x86_64-fedora-gcc, r-devel-windows-x86_64, r-patched-linux-x86_64, r-release-linux-x86_64, r-release-macos-arm64, r-release-macos-x86_64, r-release-windows-x86_64