Last updated on 2024-04-23 22:55:20 CEST.
Flavor | Version | Tinstall | Tcheck | Ttotal | Status | Flags |
---|---|---|---|---|---|---|
r-devel-linux-x86_64-debian-clang | 2.0.1 | 34.42 | 42.63 | 77.05 | NOTE | |
r-devel-linux-x86_64-debian-gcc | 2.0.1 | 23.61 | 31.48 | 55.09 | NOTE | |
r-devel-linux-x86_64-fedora-clang | 2.0.1 | 103.89 | NOTE | |||
r-devel-linux-x86_64-fedora-gcc | 2.0.1 | 100.12 | NOTE | |||
r-prerel-macos-arm64 | 2.0.1 | 28.00 | NOTE | |||
r-prerel-windows-x86_64 | 2.0.1 | 28.00 | 77.00 | 105.00 | NOTE | |
r-patched-linux-x86_64 | 2.0.1 | 31.16 | 39.09 | 70.25 | NOTE | |
r-release-linux-x86_64 | 2.0.1 | 32.24 | 40.85 | 73.09 | NOTE | |
r-release-macos-arm64 | 2.0.1 | 30.00 | NOTE | |||
r-release-macos-x86_64 | 2.0.1 | 48.00 | NOTE | |||
r-release-windows-x86_64 | 2.0.1 | 34.00 | 87.00 | 121.00 | NOTE | |
r-oldrel-macos-arm64 | 2.0.1 | 30.00 | OK | |||
r-oldrel-windows-x86_64 | 2.0.1 | 33.00 | 79.00 | 112.00 | OK |
Version: 2.0.1
Check: C++ specification
Result: NOTE
Specified C++11: please drop specification unless essential
Flavors: r-devel-linux-x86_64-debian-clang, r-devel-linux-x86_64-debian-gcc, r-devel-linux-x86_64-fedora-clang, r-devel-linux-x86_64-fedora-gcc, r-prerel-macos-arm64, r-prerel-windows-x86_64, r-patched-linux-x86_64, r-release-linux-x86_64, r-release-macos-arm64, r-release-macos-x86_64, r-release-windows-x86_64