Last updated on 2024-04-17 22:59:49 CEST.
Flavor | Version | Tinstall | Tcheck | Ttotal | Status | Flags |
---|---|---|---|---|---|---|
r-devel-linux-x86_64-debian-clang | 1.2.1 | 8.50 | 93.92 | 102.42 | OK | |
r-devel-linux-x86_64-debian-gcc | 1.2.1 | 6.20 | 69.75 | 75.95 | OK | |
r-devel-linux-x86_64-fedora-clang | 1.2.1 | 128.64 | NOTE | |||
r-devel-linux-x86_64-fedora-gcc | 1.2.1 | 132.96 | OK | |||
r-prerel-macos-arm64 | 1.2.1 | 44.00 | OK | |||
r-prerel-macos-x86_64 | 1.2.1 | 93.00 | OK | |||
r-prerel-windows-x86_64 | 1.2.1 | 10.00 | 102.00 | 112.00 | OK | |
r-patched-linux-x86_64 | 1.2.1 | 11.25 | 89.13 | 100.38 | OK | |
r-release-linux-x86_64 | 1.2.1 | 7.85 | 90.00 | 97.85 | OK | |
r-release-macos-arm64 | 1.2.1 | 48.00 | OK | |||
r-release-macos-x86_64 | 1.2.1 | 94.00 | OK | |||
r-release-windows-x86_64 | 1.2.1 | 12.00 | 116.00 | 128.00 | OK | |
r-oldrel-macos-arm64 | 1.2.1 | 43.00 | OK | |||
r-oldrel-windows-x86_64 | 1.2.1 | 13.00 | 109.00 | 122.00 | OK |
Version: 1.2.1
Check: Rd cross-references
Result: NOTE
Undeclared packages ‘uwot’, ‘embed’ in Rd xrefs
Flavor: r-devel-linux-x86_64-fedora-clang