Last updated on 2023-09-30 22:59:05 CEST.
Flavor | Version | Tinstall | Tcheck | Ttotal | Status | Flags |
---|---|---|---|---|---|---|
r-devel-linux-x86_64-debian-clang | 0.1.0 | 22.55 | 127.41 | 149.96 | OK | |
r-devel-linux-x86_64-debian-gcc | 0.1.0 | 18.52 | 96.57 | 115.09 | OK | |
r-devel-linux-x86_64-fedora-clang | 0.1.0 | 182.14 | NOTE | |||
r-devel-linux-x86_64-fedora-gcc | 0.1.0 | 179.68 | NOTE | |||
r-devel-windows-x86_64 | 0.1.0 | 20.00 | 109.00 | 129.00 | OK | |
r-patched-linux-x86_64 | 0.1.0 | 21.06 | 121.72 | 142.78 | OK | |
r-release-linux-x86_64 | 0.1.0 | 21.93 | 122.26 | 144.19 | OK | |
r-release-macos-arm64 | 0.1.0 | 56.00 | OK | |||
r-release-macos-x86_64 | 0.1.0 | 89.00 | OK | |||
r-release-windows-x86_64 | 0.1.0 | 28.00 | 132.00 | 160.00 | OK | |
r-oldrel-macos-arm64 | 0.1.0 | 56.00 | NOTE | |||
r-oldrel-macos-x86_64 | 0.1.0 | 112.00 | NOTE | |||
r-oldrel-windows-x86_64 | 0.1.0 | 31.00 | 132.00 | 163.00 | OK |
Version: 0.1.0
Check: data for non-ASCII characters
Result: NOTE
Note: found 8014 marked UTF-8 strings
Flavors: r-devel-linux-x86_64-fedora-clang, r-devel-linux-x86_64-fedora-gcc, r-oldrel-macos-arm64, r-oldrel-macos-x86_64