CRAN Package Check Results for Package dichromat

Last updated on 2020-02-17 22:49:29 CET.

Flavor Version Tinstall Tcheck Ttotal Status Flags
r-devel-linux-x86_64-debian-clang 2.0-0 1.85 19.55 21.40 NOTE
r-devel-linux-x86_64-debian-gcc 2.0-0 1.40 15.68 17.08 NOTE
r-devel-linux-x86_64-fedora-clang 2.0-0 26.98 NOTE
r-devel-linux-x86_64-fedora-gcc 2.0-0 26.12 NOTE
r-devel-windows-ix86+x86_64 2.0-0 5.00 34.00 39.00 NOTE
r-devel-windows-ix86+x86_64-gcc8 2.0-0 8.00 42.00 50.00 NOTE
r-patched-linux-x86_64 2.0-0 1.25 17.87 19.12 NOTE
r-patched-solaris-x86 2.0-0 39.70 NOTE
r-release-linux-x86_64 2.0-0 1.39 17.86 19.25 NOTE
r-release-windows-ix86+x86_64 2.0-0 4.00 43.00 47.00 NOTE
r-release-osx-x86_64 2.0-0 NOTE
r-oldrel-windows-ix86+x86_64 2.0-0 2.00 28.00 30.00 NOTE
r-oldrel-osx-x86_64 2.0-0 NOTE

Check Details

Version: 2.0-0
Check: R code for possible problems
Result: NOTE
    dichromat: no visible global function definition for 'col2rgb'
    dichromat: no visible global function definition for 'predict'
    dichromat: no visible global function definition for 'rgb'
    Undefined global functions or variables:
     col2rgb predict rgb
    Consider adding
     importFrom("grDevices", "col2rgb", "rgb")
     importFrom("stats", "predict")
    to your NAMESPACE file.
Flavors: r-devel-linux-x86_64-debian-clang, r-devel-linux-x86_64-debian-gcc, r-devel-linux-x86_64-fedora-clang, r-devel-linux-x86_64-fedora-gcc, r-devel-windows-ix86+x86_64, r-devel-windows-ix86+x86_64-gcc8, r-patched-linux-x86_64, r-patched-solaris-x86, r-release-linux-x86_64, r-release-windows-ix86+x86_64, r-release-osx-x86_64, r-oldrel-windows-ix86+x86_64, r-oldrel-osx-x86_64