CRAN Package Check Results for Package dichromat

Last updated on 2019-09-17 22:48:05 CEST.

Flavor Version Tinstall Tcheck Ttotal Status Flags
r-devel-linux-x86_64-debian-clang 2.0-0 1.64 18.22 19.86 NOTE
r-devel-linux-x86_64-debian-gcc 2.0-0 1.47 14.62 16.09 NOTE
r-devel-linux-x86_64-fedora-clang 2.0-0 24.81 NOTE
r-devel-linux-x86_64-fedora-gcc 2.0-0 24.42 NOTE
r-devel-windows-ix86+x86_64 2.0-0 7.00 41.00 48.00 NOTE
r-patched-linux-x86_64 2.0-0 1.19 18.00 19.19 NOTE
r-patched-solaris-x86 2.0-0 39.10 NOTE
r-release-linux-x86_64 2.0-0 1.37 18.03 19.40 NOTE
r-release-windows-ix86+x86_64 2.0-0 4.00 43.00 47.00 NOTE
r-release-osx-x86_64 2.0-0 NOTE
r-oldrel-windows-ix86+x86_64 2.0-0 2.00 28.00 30.00 NOTE
r-oldrel-osx-x86_64 2.0-0 NOTE

Check Details

Version: 2.0-0
Check: R code for possible problems
Result: NOTE
    dichromat: no visible global function definition for 'col2rgb'
    dichromat: no visible global function definition for 'predict'
    dichromat: no visible global function definition for 'rgb'
    Undefined global functions or variables:
     col2rgb predict rgb
    Consider adding
     importFrom("grDevices", "col2rgb", "rgb")
     importFrom("stats", "predict")
    to your NAMESPACE file.
Flavors: r-devel-linux-x86_64-debian-clang, r-devel-linux-x86_64-debian-gcc, r-devel-linux-x86_64-fedora-clang, r-devel-linux-x86_64-fedora-gcc, r-devel-windows-ix86+x86_64, r-patched-linux-x86_64, r-patched-solaris-x86, r-release-linux-x86_64, r-release-windows-ix86+x86_64, r-release-osx-x86_64, r-oldrel-windows-ix86+x86_64, r-oldrel-osx-x86_64