Last updated on 2024-04-23 22:55:20 CEST.
Flavor | Version | Tinstall | Tcheck | Ttotal | Status | Flags |
---|---|---|---|---|---|---|
r-devel-linux-x86_64-debian-clang | 1.5 | 5.41 | 34.58 | 39.99 | OK | |
r-devel-linux-x86_64-debian-gcc | 1.5 | 4.57 | 26.05 | 30.62 | OK | |
r-devel-linux-x86_64-fedora-clang | 1.5 | 50.69 | NOTE | |||
r-devel-linux-x86_64-fedora-gcc | 1.5 | 48.30 | NOTE | |||
r-prerel-macos-arm64 | 1.5 | 21.00 | OK | |||
r-prerel-windows-x86_64 | 1.5 | 7.00 | 50.00 | 57.00 | OK | |
r-patched-linux-x86_64 | 1.5 | 5.48 | 34.18 | 39.66 | OK | |
r-release-linux-x86_64 | 1.5 | 4.64 | 34.26 | 38.90 | OK | |
r-release-macos-arm64 | 1.5 | 21.00 | OK | |||
r-release-macos-x86_64 | 1.5 | 29.00 | OK | |||
r-release-windows-x86_64 | 1.5 | 7.00 | 52.00 | 59.00 | OK | |
r-oldrel-macos-arm64 | 1.5 | 20.00 | OK | |||
r-oldrel-windows-x86_64 | 1.5 | 8.00 | 56.00 | 64.00 | OK |
Version: 1.5
Check: compiled code
Result: NOTE
File ‘diffIRT/libs/diffIRT.so’:
Found no calls to: ‘R_registerRoutines’, ‘R_useDynamicSymbols’
It is good practice to register native routines and to disable symbol
search.
See ‘Writing portable packages’ in the ‘Writing R Extensions’ manual.
Flavors: r-devel-linux-x86_64-fedora-clang, r-devel-linux-x86_64-fedora-gcc