CRAN Package Check Results for Package diffobj

Last updated on 2021-05-16 22:49:47 CEST.

Flavor Version Tinstall Tcheck Ttotal Status Flags
r-devel-linux-x86_64-debian-clang 0.3.4 16.29 126.15 142.44 NOTE
r-devel-linux-x86_64-debian-gcc 0.3.4 12.19 96.29 108.48 NOTE
r-devel-linux-x86_64-fedora-clang 0.3.4 179.86 NOTE
r-devel-linux-x86_64-fedora-gcc 0.3.4 171.65 NOTE
r-devel-windows-ix86+x86_64 0.3.4 34.00 240.00 274.00 NOTE
r-devel-windows-x86_64-gcc10-UCRT 0.3.4 NOTE
r-patched-linux-x86_64 0.3.4 17.21 121.69 138.90 NOTE
r-patched-solaris-x86 0.3.4 227.20 NOTE
r-release-linux-x86_64 0.3.4 16.34 121.94 138.28 OK
r-release-macos-x86_64 0.3.4 OK
r-release-windows-ix86+x86_64 0.3.4 27.00 195.00 222.00 OK
r-oldrel-macos-x86_64 0.3.4 OK
r-oldrel-windows-ix86+x86_64 0.3.4 26.00 239.00 265.00 OK

Check Details

Version: 0.3.4
Check: LazyData
Result: NOTE
     'LazyData' is specified without a 'data' directory
Flavors: r-devel-linux-x86_64-debian-clang, r-devel-linux-x86_64-debian-gcc, r-devel-linux-x86_64-fedora-clang, r-devel-linux-x86_64-fedora-gcc, r-devel-windows-ix86+x86_64, r-devel-windows-x86_64-gcc10-UCRT, r-patched-linux-x86_64, r-patched-solaris-x86