Last updated on 2023-09-30 22:59:05 CEST.
Flavor | Version | Tinstall | Tcheck | Ttotal | Status | Flags |
---|---|---|---|---|---|---|
r-devel-linux-x86_64-debian-clang | 1.1.0 | 698.78 | 345.38 | 1044.16 | NOTE | |
r-devel-linux-x86_64-debian-gcc | 1.1.0 | 472.99 | 269.91 | 742.90 | NOTE | |
r-devel-linux-x86_64-fedora-clang | 1.1.0 | 1221.90 | NOTE | |||
r-devel-linux-x86_64-fedora-gcc | 1.1.0 | 1349.09 | NOTE | |||
r-devel-windows-x86_64 | 1.1.0 | 404.00 | 296.00 | 700.00 | NOTE | |
r-patched-linux-x86_64 | 1.1.0 | 398.38 | 346.82 | 745.20 | NOTE | |
r-release-linux-x86_64 | 1.1.0 | 417.71 | 348.85 | 766.56 | NOTE | |
r-release-macos-arm64 | 1.1.0 | 522.00 | NOTE | |||
r-release-macos-x86_64 | 1.1.0 | 611.00 | NOTE | |||
r-release-windows-x86_64 | 1.1.0 | 530.00 | 375.00 | 905.00 | NOTE | |
r-oldrel-macos-arm64 | 1.1.0 | 384.00 | NOTE | |||
r-oldrel-macos-x86_64 | 1.1.0 | 469.00 | NOTE | |||
r-oldrel-windows-x86_64 | 1.1.0 | 501.00 | 371.00 | 872.00 | NOTE |
Version: 1.1.0
Check: for GNU extensions in Makefiles
Result: NOTE
GNU make is a SystemRequirements.
Flavors: r-devel-linux-x86_64-debian-clang, r-devel-linux-x86_64-debian-gcc, r-devel-linux-x86_64-fedora-clang, r-devel-linux-x86_64-fedora-gcc, r-devel-windows-x86_64, r-patched-linux-x86_64, r-release-linux-x86_64, r-release-macos-arm64, r-release-macos-x86_64, r-release-windows-x86_64, r-oldrel-macos-arm64, r-oldrel-macos-x86_64, r-oldrel-windows-x86_64
Version: 1.1.0
Check: installed package size
Result: NOTE
installed size is 7.0Mb
sub-directories of 1Mb or more:
libs 6.1Mb
Flavors: r-devel-linux-x86_64-fedora-clang, r-devel-windows-x86_64, r-release-macos-arm64, r-release-macos-x86_64, r-release-windows-x86_64, r-oldrel-macos-arm64, r-oldrel-macos-x86_64, r-oldrel-windows-x86_64