CRAN Package Check Results for Package discSurv

Last updated on 2024-07-23 22:49:37 CEST.

Flavor Version Tinstall Tcheck Ttotal Status Flags
r-devel-linux-x86_64-debian-clang 2.0.0 19.46 193.46 212.92 NOTE
r-devel-linux-x86_64-debian-gcc 2.0.0 13.82 142.29 156.11 NOTE
r-devel-linux-x86_64-fedora-clang 2.0.0 257.14 NOTE
r-devel-linux-x86_64-fedora-gcc 2.0.0 251.79 NOTE
r-devel-windows-x86_64 2.0.0 17.00 170.00 187.00 NOTE
r-patched-linux-x86_64 2.0.0 14.74 178.39 193.13 NOTE
r-release-linux-x86_64 2.0.0 10.51 184.67 195.18 NOTE
r-release-macos-arm64 2.0.0 76.00 NOTE
r-release-macos-x86_64 2.0.0 113.00 NOTE
r-release-windows-x86_64 2.0.0 14.00 170.00 184.00 NOTE
r-oldrel-macos-arm64 2.0.0 80.00 NOTE
r-oldrel-macos-x86_64 2.0.0 162.00 NOTE
r-oldrel-windows-x86_64 2.0.0 20.00 208.00 228.00 NOTE

Check Details

Version: 2.0.0
Check: Rd files
Result: NOTE checkRd: (-1) cIndex.Rd:32: Lost braces; missing escapes or markup? 32 | [a_{q-1}, a_q) are available. | ^ checkRd: (-1) cIndexCompRisks.Rd:31: Lost braces; missing escapes or markup? 31 | [a_{q-1}, a_q) are available. | ^ checkRd: (-1) dataCensoring.Rd:78: Escaped LaTeX specials: \& checkRd: (-1) dataLong.Rd:170: Escaped LaTeX specials: \& checkRd: (-1) dataLongCompRisksTimeDep.Rd:130: Escaped LaTeX specials: \& checkRd: (-1) dataLongMultiSpell.Rd:123: Escaped LaTeX specials: \& checkRd: (-1) dataLongTimeDep.Rd:96: Escaped LaTeX specials: \& checkRd: (-1) estMargProb.Rd:23: Lost braces; missing escapes or markup? 23 | a_2), ..., [a_{q-1}, a_q), [a_q, Inf). | ^ checkRd: (-1) estMargProbCompRisks.Rd:24: Lost braces; missing escapes or markup? 24 | a_2), ..., [a_{q-1}, a_q), [a_q, Inf). | ^ checkRd: (-1) estSurv.Rd:23: Lost braces; missing escapes or markup? 23 | a_2), ..., [a_{q-1}, a_q), [a_q, Inf). | ^ checkRd: (-1) estSurvCompRisks.Rd:24: Lost braces; missing escapes or markup? 24 | a_2), ..., [a_{q-1}, a_q), [a_q, Inf). | ^ checkRd: (-1) lifeTable.Rd:21: Lost braces; missing escapes or markup? 21 | [a_0, a_1), [a_1, a_2), ..., [a_{q-1}, a_q) ("character vector")} | ^ Flavors: r-devel-linux-x86_64-debian-clang, r-devel-linux-x86_64-debian-gcc, r-devel-linux-x86_64-fedora-clang, r-devel-linux-x86_64-fedora-gcc, r-devel-windows-x86_64, r-patched-linux-x86_64, r-release-linux-x86_64, r-release-macos-arm64, r-release-macos-x86_64, r-release-windows-x86_64

Version: 2.0.0
Check: Rd cross-references
Result: NOTE Undeclared package ‘Hmisc’ in Rd xrefs Flavor: r-devel-linux-x86_64-fedora-clang

Version: 2.0.0
Check: Rd files
Result: NOTE checkRd: (-1) dataCensoring.Rd:78: Escaped LaTeX specials: \& checkRd: (-1) dataLong.Rd:170: Escaped LaTeX specials: \& checkRd: (-1) dataLongCompRisksTimeDep.Rd:130: Escaped LaTeX specials: \& checkRd: (-1) dataLongMultiSpell.Rd:123: Escaped LaTeX specials: \& checkRd: (-1) dataLongTimeDep.Rd:96: Escaped LaTeX specials: \& Flavors: r-oldrel-macos-arm64, r-oldrel-macos-x86_64, r-oldrel-windows-x86_64