CRAN Package Check Results for Package discourseGT

Last updated on 2021-05-17 22:56:21 CEST.

Flavor Version Tinstall Tcheck Ttotal Status Flags
r-devel-linux-x86_64-debian-clang 1.1.5 3.01 32.80 35.81 OK
r-devel-linux-x86_64-debian-gcc 1.1.5 2.60 25.62 28.22 OK
r-devel-linux-x86_64-fedora-clang 1.1.5 52.10 NOTE
r-devel-linux-x86_64-fedora-gcc 1.1.5 51.26 NOTE
r-devel-windows-ix86+x86_64 1.1.5 9.00 56.00 65.00 OK
r-devel-windows-x86_64-gcc10-UCRT 1.1.5 NOTE
r-patched-linux-x86_64 1.1.5 2.99 31.34 34.33 OK
r-patched-solaris-x86 1.1.5 63.50 NOTE
r-release-linux-x86_64 1.1.5 3.30 31.24 34.54 OK
r-release-macos-x86_64 1.1.5 NOTE
r-release-windows-ix86+x86_64 1.1.5 8.00 36.00 44.00 OK
r-oldrel-macos-x86_64 1.1.5 NOTE
r-oldrel-windows-ix86+x86_64 1.1.5 6.00 51.00 57.00 OK

Check Details

Version: 1.1.5
Check: dependencies in R code
Result: NOTE
    Namespaces in Imports field not imported from:
     ‘BiocManager’ ‘ggpubr’ ‘sna’
     All declared Imports should be used.
Flavors: r-devel-linux-x86_64-fedora-clang, r-devel-linux-x86_64-fedora-gcc, r-devel-windows-x86_64-gcc10-UCRT, r-patched-solaris-x86, r-release-macos-x86_64, r-oldrel-macos-x86_64