CRAN Package Check Results for Package discoverableresearch

Last updated on 2021-11-30 22:54:29 CET.

Flavor Version Tinstall Tcheck Ttotal Status Flags
r-devel-linux-x86_64-debian-clang 0.0.1 2.89 44.63 47.52 OK
r-devel-linux-x86_64-debian-gcc 0.0.1 2.16 36.91 39.07 OK
r-devel-linux-x86_64-fedora-clang 0.0.1 68.34 NOTE
r-devel-linux-x86_64-fedora-gcc 0.0.1 57.68 NOTE
r-devel-windows-x86_64-new-UL 0.0.1 10.00 92.00 102.00 OK
r-devel-windows-x86_64-new-TK 0.0.1 NOTE
r-devel-windows-x86_64-old 0.0.1 5.00 54.00 59.00 OK
r-patched-linux-x86_64 0.0.1 2.93 42.87 45.80 OK
r-patched-solaris-x86 0.0.1 86.40 NOTE
r-release-linux-x86_64 0.0.1 2.78 43.80 46.58 OK
r-release-macos-arm64 0.0.1 NOTE
r-release-macos-x86_64 0.0.1 NOTE
r-release-windows-ix86+x86_64 0.0.1 9.00 55.00 64.00 OK
r-oldrel-macos-x86_64 0.0.1 NOTE
r-oldrel-windows-ix86+x86_64 0.0.1 5.00 53.00 58.00 OK

Check Details

Version: 0.0.1
Check: dependencies in R code
Result: NOTE
    Namespaces in Imports field not imported from:
     ‘dplyr’ ‘readr’
     All declared Imports should be used.
Flavors: r-devel-linux-x86_64-fedora-clang, r-devel-linux-x86_64-fedora-gcc, r-devel-windows-x86_64-new-TK, r-patched-solaris-x86, r-release-macos-arm64, r-release-macos-x86_64, r-oldrel-macos-x86_64