CRAN Package Check Results for Package disdat

Last updated on 2021-05-06 22:55:17 CEST.

Flavor Version Tinstall Tcheck Ttotal Status Flags
r-devel-linux-x86_64-debian-clang 1.0-0 2.80 48.21 51.01 OK
r-devel-linux-x86_64-debian-gcc 1.0-0 2.05 37.54 39.59 OK
r-devel-linux-x86_64-fedora-clang 1.0-0 69.07 NOTE
r-devel-linux-x86_64-fedora-gcc 1.0-0 60.94 OK
r-devel-windows-ix86+x86_64 1.0-0 4.00 66.00 70.00 NOTE
r-devel-windows-x86_64-gcc10-UCRT 1.0-0 ERROR
r-patched-linux-x86_64 1.0-0 2.50 47.09 49.59 OK
r-patched-solaris-x86 1.0-0 93.50 NOTE
r-release-linux-x86_64 1.0-0 2.54 47.15 49.69 OK
r-release-macos-x86_64 1.0-0 NOTE
r-release-windows-ix86+x86_64 1.0-0 5.00 51.00 56.00 NOTE
r-oldrel-macos-x86_64 1.0-0 NOTE
r-oldrel-windows-ix86+x86_64 1.0-0 5.00 66.00 71.00 NOTE

Check Details

Version: 1.0-0
Check: installed package size
Result: NOTE
     installed size is 5.7Mb
     sub-directories of 1Mb or more:
     extdata 4.2Mb
Flavors: r-devel-linux-x86_64-fedora-clang, r-devel-windows-ix86+x86_64, r-patched-solaris-x86, r-release-macos-x86_64, r-release-windows-ix86+x86_64, r-oldrel-macos-x86_64, r-oldrel-windows-ix86+x86_64

Version: 1.0-0
Check: examples
Result: ERROR
    Running examples in 'disdat-Ex.R' failed
    The error most likely occurred in:
    
    > ### Name: AWT
    > ### Title: Australian Wet Tropics species distribution data
    > ### Aliases: AWT
    > ### Keywords: datasets
    >
    > ### ** Examples
    >
    > awt_po <- disPo("AWT")
    > awt_bg <- disBg("AWT")
    >
    > awt_pa_plant <- disPa("AWT", "plant")
    > awt_env_plant <- disEnv("AWT", "plant")
    > awt_pa_bird <- disPa("AWT", "bird")
    > awt_env_bird <- disEnv("AWT", "bird")
    >
    >
    > # Or all in one list
    > awt <- disData("AWT")
    Error in rbind(deparse.level, ...) :
     numbers of columns of arguments do not match
    Calls: disData -> do.call -> <Anonymous> -> rbind
    Execution halted
Flavor: r-devel-windows-x86_64-gcc10-UCRT

Version: 1.0-0
Check: R code for possible problems
Result: NOTE
    disMapBook: no visible global function definition for ‘plot’
    Undefined global functions or variables:
     plot
    Consider adding
     importFrom("graphics", "plot")
    to your NAMESPACE file.
Flavors: r-oldrel-macos-x86_64, r-oldrel-windows-ix86+x86_64