CRAN Package Check Results for Package diskImageR

Last updated on 2021-10-22 22:56:29 CEST.

Flavor Version Tinstall Tcheck Ttotal Status Flags
r-devel-linux-x86_64-debian-clang 1.0.0 5.10 34.59 39.69 NOTE
r-devel-linux-x86_64-debian-gcc 1.0.0 4.17 26.40 30.57 NOTE
r-devel-linux-x86_64-fedora-clang 1.0.0 62.05 NOTE
r-devel-linux-x86_64-fedora-gcc 1.0.0 48.77 NOTE
r-devel-windows-x86_64 1.0.0 8.00 53.00 61.00 NOTE
r-devel-windows-x86_64-gcc10-UCRT 1.0.0 NOTE
r-patched-linux-x86_64 1.0.0 4.98 33.60 38.58 NOTE
r-patched-solaris-x86 1.0.0 67.60 NOTE
r-release-linux-x86_64 1.0.0 4.95 33.26 38.21 NOTE
r-release-macos-arm64 1.0.0 NOTE
r-release-macos-x86_64 1.0.0 NOTE
r-release-windows-ix86+x86_64 1.0.0 8.00 49.00 57.00 NOTE
r-oldrel-macos-x86_64 1.0.0 OK
r-oldrel-windows-ix86+x86_64 1.0.0 11.00 48.00 59.00 OK

Check Details

Version: 1.0.0
Check: LazyData
Result: NOTE
     'LazyData' is specified without a 'data' directory
Flavors: r-devel-linux-x86_64-debian-clang, r-devel-linux-x86_64-debian-gcc, r-devel-linux-x86_64-fedora-clang, r-devel-linux-x86_64-fedora-gcc, r-devel-windows-x86_64, r-devel-windows-x86_64-gcc10-UCRT, r-patched-linux-x86_64, r-patched-solaris-x86, r-release-linux-x86_64, r-release-macos-arm64, r-release-macos-x86_64, r-release-windows-ix86+x86_64

Version: 1.0.0
Check: Rd cross-references
Result: NOTE
    Undeclared package ‘diversitree’ in Rd xrefs
Flavor: r-devel-linux-x86_64-fedora-clang