Last updated on 2024-03-28 23:01:42 CET.
Flavor | Version | Tinstall | Tcheck | Ttotal | Status | Flags |
---|---|---|---|---|---|---|
r-devel-linux-x86_64-debian-clang | 1.3-14 | 62.63 | 385.15 | 447.78 | NOTE | |
r-devel-linux-x86_64-debian-gcc | 1.3-14 | 49.55 | 276.96 | 326.51 | NOTE | |
r-devel-linux-x86_64-fedora-clang | 1.3-14 | 542.17 | NOTE | |||
r-devel-linux-x86_64-fedora-gcc | 1.3-14 | 558.84 | NOTE | |||
r-devel-windows-x86_64 | 1.3-14 | 48.00 | 276.00 | 324.00 | NOTE | --no-vignettes |
r-patched-linux-x86_64 | 1.3-14 | 57.63 | 371.61 | 429.24 | NOTE | |
r-release-linux-x86_64 | 1.3-14 | 57.56 | 367.07 | 424.63 | OK | |
r-release-macos-arm64 | 1.3-14 | 119.00 | OK | |||
r-release-macos-x86_64 | 1.3-14 | 412.00 | OK | |||
r-release-windows-x86_64 | 1.3-14 | 66.00 | 289.00 | 355.00 | OK | --no-vignettes |
r-oldrel-macos-arm64 | 1.3-14 | 115.00 | OK | |||
r-oldrel-windows-x86_64 | 1.3-14 | 68.00 | 301.00 | 369.00 | OK | --no-vignettes |
Version: 1.3-14
Check: Rd files
Result: NOTE
checkRd: (-1) mess.Rd:28: Lost braces
28 | Elith J., M. Kearney M., and S. Phillips, 2010. The art of modelling range-shifting species. \doi{10.1111/j.2041-210X.2010.00036.x}{Methods in Ecology and Evolution 1:330-342}.
| ^
Flavors: r-devel-linux-x86_64-debian-clang, r-devel-linux-x86_64-debian-gcc, r-devel-linux-x86_64-fedora-clang, r-devel-linux-x86_64-fedora-gcc, r-patched-linux-x86_64
Version: 1.3-14
Check: data for non-ASCII characters
Result: NOTE
Note: found 106 marked UTF-8 strings
Flavors: r-devel-linux-x86_64-fedora-clang, r-devel-linux-x86_64-fedora-gcc
Version: 1.3-14
Flags: --no-vignettes
Check: Rd files
Result: NOTE
checkRd: (-1) mess.Rd:28: Lost braces
28 | Elith J., M. Kearney M., and S. Phillips, 2010. The art of modelling range-shifting species. \doi{10.1111/j.2041-210X.2010.00036.x}{Methods in Ecology and Evolution 1:330-342}.
| ^
Flavor: r-devel-windows-x86_64