CRAN Package Check Results for Package dismo

Last updated on 2021-05-13 22:50:57 CEST.

Flavor Version Tinstall Tcheck Ttotal Status Flags
r-devel-linux-x86_64-debian-clang 1.3-3 33.19 151.66 184.85 OK --no-vignettes
r-devel-linux-x86_64-debian-gcc 1.3-3 26.05 115.08 141.13 OK --no-vignettes
r-devel-linux-x86_64-fedora-clang 1.3-3 243.98 NOTE
r-devel-linux-x86_64-fedora-gcc 1.3-3 230.25 NOTE
r-devel-windows-ix86+x86_64 1.3-3 82.00 184.00 266.00 OK --no-vignettes
r-devel-windows-x86_64-gcc10-UCRT 1.3-3 NOTE
r-patched-linux-x86_64 1.3-3 36.48 145.78 182.26 OK --no-vignettes
r-patched-solaris-x86 1.3-3 289.60 NOTE
r-release-linux-x86_64 1.3-3 37.12 141.16 178.28 OK --no-vignettes
r-release-macos-x86_64 1.3-3 NOTE
r-release-windows-ix86+x86_64 1.3-3 61.00 249.00 310.00 OK --no-vignettes
r-oldrel-macos-x86_64 1.3-3 WARN
r-oldrel-windows-ix86+x86_64 1.3-3 70.00 238.00 308.00 WARN --no-vignettes

Check Details

Version: 1.3-3
Check: data for non-ASCII characters
Result: NOTE
     Note: found 106 marked UTF-8 strings
Flavors: r-devel-linux-x86_64-fedora-clang, r-devel-linux-x86_64-fedora-gcc, r-devel-windows-x86_64-gcc10-UCRT, r-patched-solaris-x86, r-release-macos-x86_64, r-oldrel-macos-x86_64

Version: 1.3-3
Check: Rd cross-references
Result: WARN
    Missing link or links in documentation object 'plot.Rd':
     ‘[base]{plot}’
    
    Missing link or links in documentation object 'plotEval.Rd':
     ‘[base]{plot}’
    
    See section 'Cross-references' in the 'Writing R Extensions' manual.
Flavor: r-oldrel-macos-x86_64

Version: 1.3-3
Flags: --no-vignettes
Check: Rd cross-references
Result: WARN
    Missing link or links in documentation object 'plot.Rd':
     '[base]{plot}'
    
    Missing link or links in documentation object 'plotEval.Rd':
     '[base]{plot}'
    
    See section 'Cross-references' in the 'Writing R Extensions' manual.
Flavor: r-oldrel-windows-ix86+x86_64