CRAN Package Check Results for Package dismo

Last updated on 2021-10-15 22:54:12 CEST.

Flavor Version Tinstall Tcheck Ttotal Status Flags
r-devel-linux-x86_64-debian-clang 1.3-5 51.54 276.23 327.77 OK --no-vignettes
r-devel-linux-x86_64-debian-gcc 1.3-5 42.91 204.53 247.44 OK --no-vignettes
r-devel-linux-x86_64-fedora-clang 1.3-5 426.74 NOTE
r-devel-linux-x86_64-fedora-gcc 1.3-5 424.53 NOTE
r-devel-windows-x86_64 1.3-5 21.00 7.00 28.00 ERROR --no-vignettes
r-devel-windows-x86_64-gcc10-UCRT 1.3-5 NOTE
r-patched-linux-x86_64 1.3-5 52.26 269.66 321.92 OK --no-vignettes
r-patched-solaris-x86 1.3-5 457.60 NOTE
r-release-linux-x86_64 1.3-5 49.68 267.55 317.23 OK --no-vignettes
r-release-macos-arm64 1.3-3 NOTE
r-release-macos-x86_64 1.3-5 NOTE
r-release-windows-ix86+x86_64 1.3-5 71.00 262.00 333.00 OK --no-vignettes
r-oldrel-macos-x86_64 1.3-5 NOTE
r-oldrel-windows-ix86+x86_64 1.3-3 79.00 243.00 322.00 OK --no-vignettes

Check Details

Version: 1.3-5
Check: data for non-ASCII characters
Result: NOTE
     Note: found 106 marked UTF-8 strings
Flavors: r-devel-linux-x86_64-fedora-clang, r-devel-linux-x86_64-fedora-gcc, r-devel-windows-x86_64-gcc10-UCRT, r-patched-solaris-x86, r-release-macos-x86_64, r-oldrel-macos-x86_64

Version: 1.3-5
Flags: --no-vignettes
Check: package dependencies
Result: ERROR
    Package required and available but unsuitable version: 'raster'
    
    See section 'The DESCRIPTION file' in the 'Writing R Extensions'
    manual.
Flavor: r-devel-windows-x86_64

Version: 1.3-3
Check: data for non-ASCII characters
Result: NOTE
     Note: found 106 marked UTF-8 strings
Flavor: r-release-macos-arm64