CRAN Package Check Results for Package dispRity

Last updated on 2024-06-13 22:49:25 CEST.

Flavor Version Tinstall Tcheck Ttotal Status Flags
r-devel-linux-x86_64-debian-clang 1.8 37.16 262.98 300.14 OK
r-devel-linux-x86_64-debian-gcc 1.8 0.51 1.70 2.21 ERROR
r-devel-linux-x86_64-fedora-clang 1.8 354.88 OK
r-devel-linux-x86_64-fedora-gcc 1.8 333.98 OK
r-devel-windows-x86_64 1.8 29.00 199.00 228.00 OK
r-patched-linux-x86_64 1.8 28.15 241.92 270.07 OK
r-release-linux-x86_64 1.8 24.81 245.85 270.66 OK
r-release-macos-arm64 1.8 95.00 OK
r-release-macos-x86_64 1.8 163.00 OK
r-release-windows-x86_64 1.8 34.00 203.00 237.00 OK
r-oldrel-macos-arm64 1.8 112.00 OK
r-oldrel-macos-x86_64 1.8 219.00 OK
r-oldrel-windows-x86_64 1.8 40.00 247.00 287.00 OK

Check Details

Version: 1.8
Check: package dependencies
Result: ERROR Packages required but not available: 'Claddis', 'GET', 'phangorn' Package suggested but not available for checking: ‘testthat’ See section ‘The DESCRIPTION file’ in the ‘Writing R Extensions’ manual. Flavor: r-devel-linux-x86_64-debian-gcc