CRAN Package Check Results for Package dispRity

Last updated on 2021-06-18 22:54:25 CEST.

Flavor Version Tinstall Tcheck Ttotal Status Flags
r-devel-linux-x86_64-debian-clang 1.6.0 21.34 193.40 214.74 OK
r-devel-linux-x86_64-debian-gcc 1.6.0 18.33 141.14 159.47 OK
r-devel-linux-x86_64-fedora-clang 1.6.0 285.77 NOTE
r-devel-linux-x86_64-fedora-gcc 1.6.0 284.33 OK
r-devel-windows-x86_64 1.6.0 38.00 172.00 210.00 OK
r-devel-windows-x86_64-gcc10-UCRT 1.6.0 OK
r-patched-linux-x86_64 1.6.0 24.87 186.89 211.76 OK
r-patched-solaris-x86 1.6.0 341.30 OK
r-release-linux-x86_64 1.6.0 21.32 185.12 206.44 OK
r-release-macos-arm64 1.6.0 OK
r-release-macos-x86_64 1.6.0 OK
r-release-windows-ix86+x86_64 1.6.0 48.00 304.00 352.00 OK
r-oldrel-macos-x86_64 1.6.0 OK
r-oldrel-windows-ix86+x86_64 1.6.0 33.00 310.00 343.00 OK

Check Details

Version: 1.6.0
Check: Rd cross-references
Result: NOTE
    Undeclared package ‘geomorph’ in Rd xrefs
Flavor: r-devel-linux-x86_64-fedora-clang