CRAN Package Check Results for Package disposables

Last updated on 2024-05-18 22:27:33 CEST.

Flavor Version Tinstall Tcheck Ttotal Status Flags
r-devel-linux-x86_64-debian-clang 1.0.3 1.92 22.98 24.90 NOTE
r-devel-linux-x86_64-debian-gcc 1.0.3 1.65 18.02 19.67 NOTE
r-devel-linux-x86_64-fedora-clang 1.0.3 33.55 NOTE
r-devel-linux-x86_64-fedora-gcc 1.0.3 36.32 NOTE
r-devel-windows-x86_64 1.0.3 3.00 40.00 43.00 NOTE
r-patched-linux-x86_64 1.0.3 1.79 22.65 24.44 NOTE
r-release-linux-x86_64 1.0.3 1.93 22.88 24.81 NOTE
r-release-macos-arm64 1.0.3 14.00 NOTE
r-release-windows-x86_64 1.0.3 3.00 41.00 44.00 NOTE
r-oldrel-macos-arm64 1.0.3 16.00 NOTE
r-oldrel-macos-x86_64 1.0.3 22.00 NOTE
r-oldrel-windows-x86_64 1.0.3 3.00 45.00 48.00 NOTE

Check Details

Version: 1.0.3
Check: LazyData
Result: NOTE 'LazyData' is specified without a 'data' directory Flavors: r-devel-linux-x86_64-debian-clang, r-devel-linux-x86_64-debian-gcc, r-devel-linux-x86_64-fedora-clang, r-devel-linux-x86_64-fedora-gcc, r-devel-windows-x86_64, r-patched-linux-x86_64, r-release-linux-x86_64, r-release-macos-arm64, r-release-windows-x86_64, r-oldrel-macos-arm64, r-oldrel-macos-x86_64, r-oldrel-windows-x86_64