CRAN Package Check Results for Package distances

Last updated on 2019-08-21 22:48:37 CEST.

Flavor Version Tinstall Tcheck Ttotal Status Flags
r-devel-linux-x86_64-debian-clang 0.1.7 12.26 21.17 33.43 WARN
r-devel-linux-x86_64-debian-gcc 0.1.7 WARN
r-devel-linux-x86_64-fedora-clang 0.1.7 57.23 WARN
r-devel-linux-x86_64-fedora-gcc 0.1.7 39.28 WARN
r-devel-windows-ix86+x86_64 0.1.7 52.00 70.00 122.00 OK
r-patched-linux-x86_64 0.1.7 8.30 21.75 30.05 WARN
r-patched-solaris-x86 0.1.7 53.80 WARN
r-release-linux-x86_64 0.1.7 8.59 21.13 29.72 OK
r-release-windows-ix86+x86_64 0.1.7 34.00 54.00 88.00 OK
r-release-osx-x86_64 0.1.7 OK
r-oldrel-windows-ix86+x86_64 0.1.7 93.00 66.00 159.00 OK
r-oldrel-osx-x86_64 0.1.7 OK

Check Details

Version: 0.1.7
Check: whether package can be installed
Result: WARN
    Found the following significant warnings:
     Warning: Support for C++98 is deprecated
Flavors: r-devel-linux-x86_64-debian-clang, r-devel-linux-x86_64-debian-gcc, r-devel-linux-x86_64-fedora-clang, r-devel-linux-x86_64-fedora-gcc, r-patched-linux-x86_64, r-patched-solaris-x86