CRAN Package Check Results for Package distcrete

Last updated on 2022-01-27 23:00:59 CET.

Flavor Version Tinstall Tcheck Ttotal Status Flags
r-devel-linux-x86_64-debian-clang 1.0.3 2.12 34.22 36.34 NOTE
r-devel-linux-x86_64-debian-gcc 1.0.3 1.41 26.76 28.17 NOTE
r-devel-linux-x86_64-fedora-clang 1.0.3 44.65 NOTE
r-devel-linux-x86_64-fedora-gcc 1.0.3 33.30 NOTE
r-devel-windows-x86_64-new-UL 1.0.3 25.00 53.00 78.00 NOTE
r-devel-windows-x86_64-new-TK 1.0.3 NOTE
r-patched-linux-x86_64 1.0.3 1.65 31.60 33.25 NOTE
r-release-linux-x86_64 1.0.3 1.74 31.98 33.72 NOTE
r-release-macos-arm64 1.0.3 NOTE
r-release-macos-x86_64 1.0.3 NOTE
r-release-windows-ix86+x86_64 1.0.3 5.00 42.00 47.00 NOTE
r-oldrel-macos-x86_64 1.0.3 OK
r-oldrel-windows-ix86+x86_64 1.0.3 5.00 43.00 48.00 OK

Check Details

Version: 1.0.3
Check: LazyData
Result: NOTE
     'LazyData' is specified without a 'data' directory
Flavors: r-devel-linux-x86_64-debian-clang, r-devel-linux-x86_64-debian-gcc, r-devel-linux-x86_64-fedora-clang, r-devel-linux-x86_64-fedora-gcc, r-devel-windows-x86_64-new-UL, r-devel-windows-x86_64-new-TK, r-patched-linux-x86_64, r-release-linux-x86_64, r-release-macos-arm64, r-release-macos-x86_64, r-release-windows-ix86+x86_64