CRAN Package Check Results for Package distr6

Last updated on 2019-09-21 22:48:55 CEST.

Flavor Version Tinstall Tcheck Ttotal Status Flags
r-devel-linux-x86_64-debian-clang 1.1.0 53.23 263.23 316.46 OK
r-devel-linux-x86_64-debian-gcc 1.1.0 49.83 306.21 356.04 OK
r-devel-linux-x86_64-fedora-clang 1.1.0 290.74 NOTE
r-devel-linux-x86_64-fedora-gcc 1.1.0 288.32 NOTE
r-devel-windows-ix86+x86_64 1.1.0 98.00 145.00 243.00 OK
r-patched-linux-x86_64 1.1.0 53.26 266.27 319.53 OK
r-patched-solaris-x86 1.1.0 285.50 NOTE
r-release-linux-x86_64 1.1.0 50.30 270.89 321.19 OK
r-release-windows-ix86+x86_64 1.1.0 75.00 139.00 214.00 OK
r-release-osx-x86_64 1.1.0 NOTE
r-oldrel-windows-ix86+x86_64 1.1.0 61.00 133.00 194.00 OK
r-oldrel-osx-x86_64 1.1.0 NOTE

Check Details

Version: 1.1.0
Check: dependencies in R code
Result: NOTE
    Namespaces in Imports field not imported from:
     ‘GoFKernel’ ‘R6’ ‘R62S3’ ‘expint’ ‘extraDistr’ ‘pracma’
     All declared Imports should be used.
Flavors: r-devel-linux-x86_64-fedora-clang, r-devel-linux-x86_64-fedora-gcc, r-patched-solaris-x86, r-release-osx-x86_64, r-oldrel-osx-x86_64