CRAN Package Check Results for Package distr6

Last updated on 2020-02-21 22:51:04 CET.

Flavor Version Tinstall Tcheck Ttotal Status Flags
r-devel-linux-x86_64-debian-clang 1.3.4 58.51 504.48 562.99 OK
r-devel-linux-x86_64-debian-gcc 1.3.4 49.76 634.85 684.61 OK
r-devel-linux-x86_64-fedora-clang 1.3.4 274.03 OK
r-devel-linux-x86_64-fedora-gcc 1.3.4 265.11 OK
r-devel-windows-ix86+x86_64 1.3.3 74.00 178.00 252.00 OK
r-devel-windows-ix86+x86_64-gcc8 1.3.4 95.00 306.00 401.00 OK
r-patched-linux-x86_64 1.3.4 OK
r-patched-solaris-x86 1.3.4 347.70 OK
r-release-linux-x86_64 1.3.3 59.55 352.89 412.44 OK
r-release-windows-ix86+x86_64 1.3.3 71.00 185.00 256.00 OK
r-release-osx-x86_64 1.3.4 ERROR
r-oldrel-windows-ix86+x86_64 1.3.4 61.00 289.00 350.00 OK
r-oldrel-osx-x86_64 1.3.4 ERROR

Check Details

Version: 1.3.4
Check: package dependencies
Result: ERROR
    Package required and available but unsuitable version: ‘set6’
    
    See section ‘The DESCRIPTION file’ in the ‘Writing R Extensions’
    manual.
Flavors: r-release-osx-x86_64, r-oldrel-osx-x86_64