Last updated on 2024-04-18 22:52:38 CEST.
Flavor | Version | Tinstall | Tcheck | Ttotal | Status | Flags |
---|---|---|---|---|---|---|
r-devel-linux-x86_64-debian-clang | 2.9.1 | 43.20 | 233.60 | 276.80 | OK | |
r-devel-linux-x86_64-debian-gcc | 2.9.1 | 41.36 | 165.81 | 207.17 | OK | |
r-devel-linux-x86_64-fedora-clang | 2.9.1 | 348.05 | NOTE | |||
r-devel-linux-x86_64-fedora-gcc | 2.9.1 | 348.50 | OK | |||
r-prerel-macos-arm64 | 2.9.1 | 87.00 | OK | |||
r-prerel-macos-x86_64 | 2.9.1 | 260.00 | NOTE | |||
r-prerel-windows-x86_64 | 2.9.1 | 41.00 | 226.00 | 267.00 | OK | |
r-patched-linux-x86_64 | 2.9.1 | 67.44 | 219.17 | 286.61 | OK | |
r-release-linux-x86_64 | 2.9.1 | 45.39 | 224.12 | 269.51 | OK | |
r-release-macos-arm64 | 2.9.1 | 101.00 | OK | |||
r-release-macos-x86_64 | 2.9.1 | 207.00 | OK | |||
r-release-windows-x86_64 | 2.9.1 | 55.00 | 258.00 | 313.00 | OK | |
r-oldrel-macos-arm64 | 2.9.1 | 93.00 | OK | |||
r-oldrel-windows-x86_64 | 2.9.1 | 63.00 | 270.00 | 333.00 | OK |
Version: 2.9.1
Check: Rd cross-references
Result: NOTE
Undeclared package ‘RobAStBase’ in Rd xrefs
Flavor: r-devel-linux-x86_64-fedora-clang
Version: 2.9.1
Check: package dependencies
Result: NOTE
Package which this enhances but not available for checking: ‘RobExtremes’
Flavor: r-prerel-macos-x86_64
Version: 2.9.1
Check: Rd cross-references
Result: NOTE
Unknown package ‘RobAStBase’ in Rd xrefs
Flavor: r-prerel-macos-x86_64