CRAN Package Check Results for Package distrSim

Last updated on 2023-12-09 21:54:14 CET.

Flavor Version Tinstall Tcheck Ttotal Status Flags
r-devel-linux-x86_64-debian-clang 2.8.1 18.15 63.39 81.54 OK
r-devel-linux-x86_64-debian-gcc 2.8.1 16.56 48.97 65.53 OK
r-devel-linux-x86_64-fedora-clang 2.8.1 112.12 NOTE
r-devel-linux-x86_64-fedora-gcc 2.8.1 103.30 OK
r-devel-windows-x86_64 2.8.1 18.00 68.00 86.00 OK
r-patched-linux-x86_64 2.8.1 26.34 62.72 89.06 OK
r-release-linux-x86_64 2.8.1 18.26 60.98 79.24 OK
r-release-macos-arm64 2.8.1 35.00 OK
r-release-macos-x86_64 2.8.1 54.00 OK
r-release-windows-x86_64 2.8.1 18.00 79.00 97.00 OK
r-oldrel-macos-arm64 2.8.1 38.00 OK
r-oldrel-macos-x86_64 2.8.1 45.00 OK
r-oldrel-windows-x86_64 2.8.1 23.00 82.00 105.00 OK

Check Details

Version: 2.8.1
Check: Rd cross-references
Result: NOTE Undeclared package ‘distrTEst’ in Rd xrefs Flavor: r-devel-linux-x86_64-fedora-clang