Last updated on 2023-12-09 21:54:14 CET.
Flavor | Version | Tinstall | Tcheck | Ttotal | Status | Flags |
---|---|---|---|---|---|---|
r-devel-linux-x86_64-debian-clang | 2.8.1 | 19.36 | 66.04 | 85.40 | OK | |
r-devel-linux-x86_64-debian-gcc | 2.8.1 | 16.57 | 50.58 | 67.15 | OK | |
r-devel-linux-x86_64-fedora-clang | 2.8.1 | 113.14 | NOTE | |||
r-devel-linux-x86_64-fedora-gcc | 2.8.1 | 104.44 | OK | |||
r-devel-windows-x86_64 | 2.8.1 | 17.00 | 74.00 | 91.00 | OK | |
r-patched-linux-x86_64 | 2.8.1 | 20.50 | 64.08 | 84.58 | OK | |
r-release-linux-x86_64 | 2.8.1 | 22.37 | 63.73 | 86.10 | OK | |
r-release-macos-arm64 | 2.8.1 | 34.00 | OK | |||
r-release-macos-x86_64 | 2.8.1 | 56.00 | OK | |||
r-release-windows-x86_64 | 2.8.1 | 24.00 | 77.00 | 101.00 | OK | |
r-oldrel-macos-arm64 | 2.8.1 | 35.00 | OK | |||
r-oldrel-macos-x86_64 | 2.8.1 | 45.00 | OK | |||
r-oldrel-windows-x86_64 | 2.8.1 | 24.00 | 83.00 | 107.00 | OK |
Version: 2.8.1
Check: Rd cross-references
Result: NOTE
Undeclared package ‘distr’ in Rd xrefs
Flavor: r-devel-linux-x86_64-fedora-clang